CRAN Package Check Results for Package distcrete

Last updated on 2025-10-22 05:51:06 CEST.

Flavor Version Tinstall Tcheck Ttotal Status Flags
r-devel-linux-x86_64-debian-clang 1.0.3 1.68 27.11 28.79 OK
r-devel-linux-x86_64-debian-gcc 1.0.3 1.40 22.62 24.02 OK
r-devel-linux-x86_64-fedora-clang 1.0.3 42.99 OK
r-devel-linux-x86_64-fedora-gcc 1.0.3 49.45 OK
r-devel-windows-x86_64 1.0.3 2.00 42.00 44.00 OK
r-patched-linux-x86_64 1.0.3 1.72 24.76 26.48 OK
r-release-linux-x86_64 1.0.3 1.62 24.47 26.09 OK
r-release-macos-arm64 1.0.3 1.00 22.00 23.00 OK
r-release-macos-x86_64 1.0.3 2.00 36.00 38.00 OK
r-release-windows-x86_64 1.0.3 4.00 44.00 48.00 OK
r-oldrel-macos-arm64 1.0.3 1.00 20.00 21.00 NOTE
r-oldrel-macos-x86_64 1.0.3 1.00 32.00 33.00 NOTE
r-oldrel-windows-x86_64 1.0.3 4.00 50.00 54.00 NOTE

Check Details

Version: 1.0.3
Check: LazyData
Result: NOTE 'LazyData' is specified without a 'data' directory Flavors: r-oldrel-macos-arm64, r-oldrel-macos-x86_64, r-oldrel-windows-x86_64