Last updated on 2025-10-24 04:50:51 CEST.
| Flavor | Version | Tinstall | Tcheck | Ttotal | Status | Flags |
|---|---|---|---|---|---|---|
| r-devel-linux-x86_64-debian-clang | 0.2.2 | 3.34 | 33.65 | 36.99 | NOTE | |
| r-devel-linux-x86_64-debian-gcc | 0.2.2 | 2.68 | 29.24 | 31.92 | OK | |
| r-devel-linux-x86_64-fedora-clang | 0.2.2 | 15.00 | 43.59 | 58.59 | OK | |
| r-devel-linux-x86_64-fedora-gcc | 0.2.2 | 12.00 | 57.23 | 69.23 | OK | |
| r-devel-windows-x86_64 | 0.2.2 | 4.00 | 56.00 | 60.00 | OK | |
| r-patched-linux-x86_64 | 0.2.2 | 3.39 | 32.09 | 35.48 | OK | |
| r-release-linux-x86_64 | 0.2.2 | 3.07 | 32.04 | 35.11 | OK | |
| r-release-macos-arm64 | 0.2.2 | 5.00 | ERROR | |||
| r-release-macos-x86_64 | 0.2.2 | 10.00 | ERROR | |||
| r-release-windows-x86_64 | 0.2.2 | 4.00 | 58.00 | 62.00 | OK | |
| r-oldrel-macos-arm64 | 0.2.2 | 10.00 | ERROR | |||
| r-oldrel-macos-x86_64 | 0.2.2 | 13.00 | ERROR | |||
| r-oldrel-windows-x86_64 | 0.2.2 | 5.00 | 63.00 | 68.00 | OK |
Version: 0.2.2
Check: HTML version of manual
Result: NOTE
Found the following HTML validation problems:
cluster.html:52:1 (cluster.Rd:15): Warning: missing </ul> before </div>
Flavor: r-devel-linux-x86_64-debian-clang
Version: 0.2.2
Check: package dependencies
Result: ERROR
Package required but not available: ‘Rmpi’
See section ‘The DESCRIPTION file’ in the ‘Writing R Extensions’
manual.
Flavors: r-release-macos-arm64, r-release-macos-x86_64, r-oldrel-macos-arm64, r-oldrel-macos-x86_64