Last updated on 2025-10-22 05:51:06 CEST.
Flavor | Version | Tinstall | Tcheck | Ttotal | Status | Flags |
---|---|---|---|---|---|---|
r-devel-linux-x86_64-debian-clang | 0.2.0 | 55.75 | 47.15 | 102.90 | NOTE | |
r-devel-linux-x86_64-debian-gcc | 0.2.0 | 41.29 | 34.48 | 75.77 | NOTE | |
r-devel-linux-x86_64-fedora-clang | 0.2.0 | 237.00 | -30.96 | 206.04 | NOTE | |
r-devel-linux-x86_64-fedora-gcc | 0.2.0 | 137.00 | 43.75 | 180.75 | NOTE | |
r-devel-windows-x86_64 | 0.2.0 | 61.00 | 82.00 | 143.00 | NOTE | |
r-patched-linux-x86_64 | 0.2.0 | 57.05 | 42.92 | 99.97 | NOTE | |
r-release-linux-x86_64 | 0.2.0 | 56.53 | 43.29 | 99.82 | NOTE | |
r-release-macos-arm64 | 0.2.0 | 24.00 | 32.00 | 56.00 | NOTE | |
r-release-macos-x86_64 | 0.2.0 | 23.00 | 54.00 | 77.00 | NOTE | |
r-release-windows-x86_64 | 0.2.0 | 64.00 | 82.00 | 146.00 | NOTE | |
r-oldrel-macos-arm64 | 0.2.0 | 29.00 | 27.00 | 56.00 | NOTE | |
r-oldrel-macos-x86_64 | 0.2.0 | 33.00 | 43.00 | 76.00 | NOTE | |
r-oldrel-windows-x86_64 | 0.2.0 | 61.00 | 106.00 | 167.00 | NOTE |
Version: 0.2.0
Check: CRAN incoming feasibility
Result: NOTE
Maintainer: ‘Jan Wijffels <jwijffels@bnosac.be>’
The Description field contains
available at <arXiv:1405.4053>. The package also provides an
Topics' by D. Angelov available at <arXiv:2008.09470>.
Please refer to arXiv e-prints via their arXiv DOI <doi:10.48550/arXiv.YYMM.NNNNN>.
Flavors: r-devel-linux-x86_64-debian-clang, r-devel-linux-x86_64-debian-gcc
Version: 0.2.0
Check: C++ specification
Result: NOTE
Specified C++11: please drop specification unless essential
Flavors: r-devel-linux-x86_64-debian-clang, r-devel-linux-x86_64-debian-gcc, r-devel-linux-x86_64-fedora-clang, r-devel-linux-x86_64-fedora-gcc, r-devel-windows-x86_64, r-patched-linux-x86_64, r-release-linux-x86_64, r-release-macos-arm64, r-release-macos-x86_64, r-release-windows-x86_64, r-oldrel-macos-arm64, r-oldrel-macos-x86_64, r-oldrel-windows-x86_64
Version: 0.2.0
Check: installed package size
Result: NOTE
installed size is 7.2Mb
sub-directories of 1Mb or more:
data 4.8Mb
libs 2.3Mb
Flavors: r-oldrel-macos-arm64, r-oldrel-macos-x86_64, r-oldrel-windows-x86_64