Last updated on 2025-10-22 05:51:06 CEST.
Flavor | Version | Tinstall | Tcheck | Ttotal | Status | Flags |
---|---|---|---|---|---|---|
r-devel-linux-x86_64-debian-clang | 1.3.1-13 | 12.58 | 34.89 | 47.47 | NOTE | |
r-devel-linux-x86_64-debian-gcc | 1.3.1-13 | 9.44 | 26.69 | 36.13 | NOTE | |
r-devel-linux-x86_64-fedora-clang | 1.3.1-13 | 26.00 | 45.22 | 71.22 | OK | |
r-devel-linux-x86_64-fedora-gcc | 1.3.1-13 | 30.00 | 42.58 | 72.58 | OK | |
r-devel-windows-x86_64 | 1.3.1-13 | 21.00 | 68.00 | 89.00 | OK | |
r-patched-linux-x86_64 | 1.3.1-13 | 12.57 | 32.84 | 45.41 | OK | |
r-release-linux-x86_64 | 1.3.1-13 | 13.05 | 32.78 | 45.83 | OK | |
r-release-macos-arm64 | 1.3.1-13 | 7.00 | 25.00 | 32.00 | OK | |
r-release-macos-x86_64 | 1.3.1-13 | 7.00 | 39.00 | 46.00 | OK | |
r-release-windows-x86_64 | 1.3.1-13 | 24.00 | 67.00 | 91.00 | OK | |
r-oldrel-macos-arm64 | 1.3.1-13 | 6.00 | 26.00 | 32.00 | OK | |
r-oldrel-macos-x86_64 | 1.3.1-13 | 12.00 | 44.00 | 56.00 | OK | |
r-oldrel-windows-x86_64 | 1.3.1-13 | 24.00 | 80.00 | 104.00 | OK |
Version: 1.3.1-13
Check: HTML version of manual
Result: NOTE
Found the following HTML validation problems:
show-dparserFunction-method.html:47:1 (show-dparserFunction-method.Rd:10): Warning: missing </ul> before </div>
Flavors: r-devel-linux-x86_64-debian-clang, r-devel-linux-x86_64-debian-gcc