Last updated on 2025-10-22 05:51:06 CEST.
Flavor | Version | Tinstall | Tcheck | Ttotal | Status | Flags |
---|---|---|---|---|---|---|
r-devel-linux-x86_64-debian-clang | 2.0.0 | 11.29 | 142.18 | 153.47 | NOTE | |
r-devel-linux-x86_64-debian-gcc | 2.0.0 | 8.10 | 98.65 | 106.75 | NOTE | |
r-devel-linux-x86_64-fedora-clang | 2.0.0 | 28.00 | 211.94 | 239.94 | NOTE | |
r-devel-linux-x86_64-fedora-gcc | 2.0.0 | 22.00 | 210.81 | 232.81 | NOTE | |
r-devel-windows-x86_64 | 2.0.0 | 12.00 | 139.00 | 151.00 | NOTE | |
r-patched-linux-x86_64 | 2.0.0 | 10.33 | 132.43 | 142.76 | NOTE | |
r-release-linux-x86_64 | 2.0.0 | 10.93 | 132.29 | 143.22 | NOTE | |
r-release-macos-arm64 | 2.0.0 | 5.00 | 66.00 | 71.00 | NOTE | |
r-release-macos-x86_64 | 2.0.0 | 9.00 | 107.00 | 116.00 | NOTE | |
r-release-windows-x86_64 | 2.0.0 | 14.00 | 134.00 | 148.00 | NOTE | |
r-oldrel-macos-arm64 | 2.0.0 | 5.00 | 52.00 | 57.00 | NOTE | |
r-oldrel-macos-x86_64 | 2.0.0 | 7.00 | 85.00 | 92.00 | NOTE | |
r-oldrel-windows-x86_64 | 2.0.0 | 16.00 | 182.00 | 198.00 | NOTE |
Version: 2.0.0
Check: Rd files
Result: NOTE
checkRd: (-1) confint.dr4pl.Rd:49: Escaped LaTeX specials: \&
checkRd: (-1) gof-dr4pl.Rd:40: Escaped LaTeX specials: \&
checkRd: (-1) vcov.dr4pl.Rd:61: Escaped LaTeX specials: \&
Flavors: r-devel-linux-x86_64-debian-clang, r-devel-linux-x86_64-debian-gcc, r-devel-linux-x86_64-fedora-clang, r-devel-linux-x86_64-fedora-gcc, r-devel-windows-x86_64, r-patched-linux-x86_64, r-release-linux-x86_64, r-release-macos-arm64, r-release-macos-x86_64, r-release-windows-x86_64, r-oldrel-macos-arm64, r-oldrel-macos-x86_64, r-oldrel-windows-x86_64
Version: 2.0.0
Check: HTML version of manual
Result: NOTE
Found the following HTML validation problems:
calculate.dr4pl.html:59:1 (calculate.dr4pl.Rd:16): Warning: missing </ul> before </div>
dr4pl-augment.html:55:1 (dr4pl-augment.Rd:15): Warning: missing </ul> before </div>
Flavors: r-devel-linux-x86_64-debian-clang, r-devel-linux-x86_64-debian-gcc