CRAN Package Check Results for Package dsos

Last updated on 2025-10-22 05:51:06 CEST.

Flavor Version Tinstall Tcheck Ttotal Status Flags
r-devel-linux-x86_64-debian-clang 0.1.2 2.26 46.48 48.74 NOTE
r-devel-linux-x86_64-debian-gcc 0.1.2 1.57 36.68 38.25 NOTE
r-devel-linux-x86_64-fedora-clang 0.1.2 75.92 OK
r-devel-linux-x86_64-fedora-gcc 0.1.2 85.96 OK
r-devel-windows-x86_64 0.1.2 5.00 55.00 60.00 OK
r-patched-linux-x86_64 0.1.2 2.59 44.80 47.39 OK
r-release-linux-x86_64 0.1.2 2.36 45.02 47.38 OK
r-release-macos-arm64 0.1.2 1.00 32.00 33.00 OK
r-release-macos-x86_64 0.1.2 2.00 47.00 49.00 OK
r-release-windows-x86_64 0.1.2 4.00 57.00 61.00 OK
r-oldrel-macos-arm64 0.1.2 1.00 29.00 30.00 OK
r-oldrel-macos-x86_64 0.1.2 2.00 41.00 43.00 OK
r-oldrel-windows-x86_64 0.1.2 6.00 66.00 72.00 OK

Check Details

Version: 0.1.2
Check: CRAN incoming feasibility
Result: NOTE Maintainer: ‘Vathy M. Kamulete <vathymut@gmail.com>’ The Description field contains <arXiv:1908.04000>. Modern notions of outlyingness such as trust scores Please refer to arXiv e-prints via their arXiv DOI <doi:10.48550/arXiv.YYMM.NNNNN>. Flavors: r-devel-linux-x86_64-debian-clang, r-devel-linux-x86_64-debian-gcc