Last updated on 2025-10-24 04:50:51 CEST.
| Flavor | Version | Tinstall | Tcheck | Ttotal | Status | Flags |
|---|---|---|---|---|---|---|
| r-devel-linux-x86_64-debian-clang | 1.1 | 1.77 | 32.36 | 34.13 | NOTE | |
| r-devel-linux-x86_64-debian-gcc | 1.1 | 1.45 | 26.21 | 27.66 | NOTE | |
| r-devel-linux-x86_64-fedora-clang | 1.1 | 51.89 | OK | |||
| r-devel-linux-x86_64-fedora-gcc | 1.1 | 62.13 | OK | |||
| r-devel-windows-x86_64 | 1.1 | 3.00 | 67.00 | 70.00 | OK | |
| r-patched-linux-x86_64 | 1.1 | 1.99 | 31.14 | 33.13 | OK | |
| r-release-linux-x86_64 | 1.1 | 1.72 | 30.68 | 32.40 | OK | |
| r-release-macos-arm64 | 1.1 | 1.00 | 26.00 | 27.00 | OK | |
| r-release-macos-x86_64 | 1.1 | 2.00 | 46.00 | 48.00 | OK | |
| r-release-windows-x86_64 | 1.1 | 4.00 | 74.00 | 78.00 | OK | |
| r-oldrel-macos-arm64 | 1.1 | 1.00 | 23.00 | 24.00 | OK | |
| r-oldrel-macos-x86_64 | 1.1 | 2.00 | 67.00 | 69.00 | OK | |
| r-oldrel-windows-x86_64 | 1.1 | 5.00 | 73.00 | 78.00 | OK |
Version: 1.1
Check: CRAN incoming feasibility
Result: NOTE
Maintainer: ‘Oscar Garcia <garcia@dasometrics.net>’
Package CITATION file contains call(s) to old-style personList() or
as.personList(). Please use c() on person objects instead.
Package CITATION file contains call(s) to old-style citEntry(). Please
use bibentry() instead.
Flavors: r-devel-linux-x86_64-debian-clang, r-devel-linux-x86_64-debian-gcc