Last updated on 2025-10-24 04:50:51 CEST.
| Flavor | Version | Tinstall | Tcheck | Ttotal | Status | Flags |
|---|---|---|---|---|---|---|
| r-devel-linux-x86_64-debian-clang | 1.16 | 7.99 | 74.52 | 82.51 | ERROR | |
| r-devel-linux-x86_64-debian-gcc | 1.16 | 5.58 | 53.88 | 59.46 | ERROR | |
| r-devel-linux-x86_64-fedora-clang | 1.16 | 41.00 | 92.04 | 133.04 | ERROR | |
| r-devel-linux-x86_64-fedora-gcc | 1.16 | 15.00 | 116.62 | 131.62 | ERROR | |
| r-devel-windows-x86_64 | 1.16 | 9.00 | 81.00 | 90.00 | ERROR | |
| r-patched-linux-x86_64 | 1.16 | 8.14 | 69.86 | 78.00 | ERROR | |
| r-release-linux-x86_64 | 1.16 | 8.45 | 70.94 | 79.39 | ERROR | |
| r-release-macos-arm64 | 1.16 | 4.00 | 65.00 | 69.00 | OK | |
| r-release-macos-x86_64 | 1.16 | 8.00 | 82.00 | 90.00 | ERROR | |
| r-release-windows-x86_64 | 1.16 | 10.00 | 86.00 | 96.00 | ERROR | |
| r-oldrel-macos-arm64 | 1.16 | 3.00 | 53.00 | 56.00 | OK | |
| r-oldrel-macos-x86_64 | 1.16 | 18.00 | 126.00 | 144.00 | OK | |
| r-oldrel-windows-x86_64 | 1.16 | 12.00 | 105.00 | 117.00 | ERROR |
Version: 1.16
Check: re-building of vignette outputs
Result: ERROR
Error(s) in re-building vignettes:
...
--- re-building ‘eHOF.Rnw’ using knitr
Quitting from eHOF.Rnw:57-67 [4site.echo]
~~~~~~~~~~~~~~~~~~~~~~~~~~~~~~~~~~~~~~~~~~~~~~~~~~~~~~~~~~~~~~~~~~~~~~~~~~~~~~~~
<error/rlang_error>
Error in `load.taxlist()`:
! Reference list file /home/hornik/tmp/scratch/RtmpBA5PSR/Species/GermanSL 1.5/species.dbf does not exist.
---
Backtrace:
x
1. \-vegdata::tax("all")
2. \-vegdata:::load.taxlist(refl, detailed = detailed)
~~~~~~~~~~~~~~~~~~~~~~~~~~~~~~~~~~~~~~~~~~~~~~~~~~~~~~~~~~~~~~~~~~~~~~~~~~~~~~~~
Error: processing vignette 'eHOF.Rnw' failed with diagnostics:
Reference list file /home/hornik/tmp/scratch/RtmpBA5PSR/Species/GermanSL 1.5/species.dbf does not exist.
--- failed re-building ‘eHOF.Rnw’
SUMMARY: processing the following file failed:
‘eHOF.Rnw’
Error: Vignette re-building failed.
Execution halted
Flavor: r-devel-linux-x86_64-debian-clang
Version: 1.16
Check: re-building of vignette outputs
Result: ERROR
Error(s) in re-building vignettes:
...
--- re-building ‘eHOF.Rnw’ using knitr
Quitting from eHOF.Rnw:57-67 [4site.echo]
~~~~~~~~~~~~~~~~~~~~~~~~~~~~~~~~~~~~~~~~~~~~~~~~~~~~~~~~~~~~~~~~~~~~~~~~~~~~~~~~
<error/rlang_error>
Error in `load.taxlist()`:
! Reference list file /tmp/Rtmpqc9uv8/Species/GermanSL 1.5/species.dbf does not exist.
---
Backtrace:
x
1. \-vegdata::tax("all")
2. \-vegdata:::load.taxlist(refl, detailed = detailed)
~~~~~~~~~~~~~~~~~~~~~~~~~~~~~~~~~~~~~~~~~~~~~~~~~~~~~~~~~~~~~~~~~~~~~~~~~~~~~~~~
Error: processing vignette 'eHOF.Rnw' failed with diagnostics:
Reference list file /tmp/Rtmpqc9uv8/Species/GermanSL 1.5/species.dbf does not exist.
--- failed re-building ‘eHOF.Rnw’
SUMMARY: processing the following file failed:
‘eHOF.Rnw’
Error: Vignette re-building failed.
Execution halted
Flavor: r-devel-linux-x86_64-debian-gcc
Version: 1.16
Check: re-building of vignette outputs
Result: ERROR
Error(s) in re-building vignettes:
--- re-building ‘eHOF.Rnw’ using knitr
Quitting from eHOF.Rnw:57-67 [4site.echo]
~~~~~~~~~~~~~~~~~~~~~~~~~~~~~~~~~~~~~~~~~~~~~~~~~~~~~~~~~~~~~~~~~~~~~~~~~~~~~~~~
<error/rlang_error>
Error in `load.taxlist()`:
! Reference list file /tmp/Rtmps5US89/working_dir/RtmpVE98hP/Species/GermanSL 1.5/species.dbf does not exist.
---
Backtrace:
x
1. \-vegdata::tax("all")
2. \-vegdata:::load.taxlist(refl, detailed = detailed)
~~~~~~~~~~~~~~~~~~~~~~~~~~~~~~~~~~~~~~~~~~~~~~~~~~~~~~~~~~~~~~~~~~~~~~~~~~~~~~~~
Error: processing vignette 'eHOF.Rnw' failed with diagnostics:
Reference list file /tmp/Rtmps5US89/working_dir/RtmpVE98hP/Species/GermanSL 1.5/species.dbf does not exist.
--- failed re-building ‘eHOF.Rnw’
SUMMARY: processing the following file failed:
‘eHOF.Rnw’
Error: Vignette re-building failed.
Execution halted
Flavor: r-devel-linux-x86_64-fedora-clang
Version: 1.16
Check: re-building of vignette outputs
Result: ERROR
Error(s) in re-building vignettes:
--- re-building ‘eHOF.Rnw’ using knitr
Quitting from eHOF.Rnw:57-67 [4site.echo]
~~~~~~~~~~~~~~~~~~~~~~~~~~~~~~~~~~~~~~~~~~~~~~~~~~~~~~~~~~~~~~~~~~~~~~~~~~~~~~~~
<error/rlang_error>
Error in `load.taxlist()`:
! Reference list file /tmp/RtmpyoN56S/working_dir/Rtmp1SUhpp/Species/GermanSL 1.5/species.dbf does not exist.
---
Backtrace:
x
1. \-vegdata::tax("all")
2. \-vegdata:::load.taxlist(refl, detailed = detailed)
~~~~~~~~~~~~~~~~~~~~~~~~~~~~~~~~~~~~~~~~~~~~~~~~~~~~~~~~~~~~~~~~~~~~~~~~~~~~~~~~
Error: processing vignette 'eHOF.Rnw' failed with diagnostics:
Reference list file /tmp/RtmpyoN56S/working_dir/Rtmp1SUhpp/Species/GermanSL 1.5/species.dbf does not exist.
--- failed re-building ‘eHOF.Rnw’
SUMMARY: processing the following file failed:
‘eHOF.Rnw’
Error: Vignette re-building failed.
Execution halted
Flavor: r-devel-linux-x86_64-fedora-gcc
Version: 1.16
Check: re-building of vignette outputs
Result: ERROR
Error(s) in re-building vignettes:
--- re-building 'eHOF.Rnw' using knitr
Quitting from eHOF.Rnw:57-67 [4site.echo]
~~~~~~~~~~~~~~~~~~~~~~~~~~~~~~~~~~~~~~~~~~~~~~~~~~~~~~~~~~~~~~~~~~~~~~~~~~~~~~~~
<error/rlang_error>
Error in `load.taxlist()`:
! Reference list file D:\temp\2025_10_14_01_50_00_4128\Rtmp88Hgvo/species/GermanSL 1.5/species.dbf does not exist.
---
Backtrace:
x
1. \-vegdata::tax("all")
2. \-vegdata:::load.taxlist(refl, detailed = detailed)
~~~~~~~~~~~~~~~~~~~~~~~~~~~~~~~~~~~~~~~~~~~~~~~~~~~~~~~~~~~~~~~~~~~~~~~~~~~~~~~~
Error: processing vignette 'eHOF.Rnw' failed with diagnostics:
Reference list file D:\temp\2025_10_14_01_50_00_4128\Rtmp88Hgvo/species/GermanSL 1.5/species.dbf does not exist.
--- failed re-building 'eHOF.Rnw'
SUMMARY: processing the following file failed:
'eHOF.Rnw'
Error: Vignette re-building failed.
Execution halted
Flavor: r-devel-windows-x86_64
Version: 1.16
Check: re-building of vignette outputs
Result: ERROR
Error(s) in re-building vignettes:
...
--- re-building ‘eHOF.Rnw’ using knitr
Quitting from eHOF.Rnw:57-67 [4site.echo]
~~~~~~~~~~~~~~~~~~~~~~~~~~~~~~~~~~~~~~~~~~~~~~~~~~~~~~~~~~~~~~~~~~~~~~~~~~~~~~~~
<error/rlang_error>
Error in `load.taxlist()`:
! Reference list file /home/hornik/tmp/scratch/RtmpTqhkyO/Species/GermanSL 1.5/species.dbf does not exist.
---
Backtrace:
x
1. \-vegdata::tax("all")
2. \-vegdata:::load.taxlist(refl, detailed = detailed)
~~~~~~~~~~~~~~~~~~~~~~~~~~~~~~~~~~~~~~~~~~~~~~~~~~~~~~~~~~~~~~~~~~~~~~~~~~~~~~~~
Error: processing vignette 'eHOF.Rnw' failed with diagnostics:
Reference list file /home/hornik/tmp/scratch/RtmpTqhkyO/Species/GermanSL 1.5/species.dbf does not exist.
--- failed re-building ‘eHOF.Rnw’
SUMMARY: processing the following file failed:
‘eHOF.Rnw’
Error: Vignette re-building failed.
Execution halted
Flavor: r-patched-linux-x86_64
Version: 1.16
Check: re-building of vignette outputs
Result: ERROR
Error(s) in re-building vignettes:
...
--- re-building ‘eHOF.Rnw’ using knitr
Quitting from eHOF.Rnw:57-67 [4site.echo]
~~~~~~~~~~~~~~~~~~~~~~~~~~~~~~~~~~~~~~~~~~~~~~~~~~~~~~~~~~~~~~~~~~~~~~~~~~~~~~~~
<error/rlang_error>
Error in `load.taxlist()`:
! Reference list file /home/hornik/tmp/scratch/RtmpWmAdgu/Species/GermanSL 1.5/species.dbf does not exist.
---
Backtrace:
x
1. \-vegdata::tax("all")
2. \-vegdata:::load.taxlist(refl, detailed = detailed)
~~~~~~~~~~~~~~~~~~~~~~~~~~~~~~~~~~~~~~~~~~~~~~~~~~~~~~~~~~~~~~~~~~~~~~~~~~~~~~~~
Error: processing vignette 'eHOF.Rnw' failed with diagnostics:
Reference list file /home/hornik/tmp/scratch/RtmpWmAdgu/Species/GermanSL 1.5/species.dbf does not exist.
--- failed re-building ‘eHOF.Rnw’
SUMMARY: processing the following file failed:
‘eHOF.Rnw’
Error: Vignette re-building failed.
Execution halted
Flavor: r-release-linux-x86_64
Version: 1.16
Check: re-building of vignette outputs
Result: ERROR
Error(s) in re-building vignettes:
--- re-building ‘eHOF.Rnw’ using knitr
Quitting from eHOF.Rnw:57-67 [4site.echo]
~~~~~~~~~~~~~~~~~~~~~~~~~~~~~~~~~~~~~~~~~~~~~~~~~~~~~~~~~~~~~~~~~~~~~~~~~~~~~~~~
<error/rlang_error>
Error in `curl::curl_fetch_memory()`:
! Timeout was reached [germansl.infinitenature.org]: Connection timed out after 10000 milliseconds
---
Backtrace:
x
1. +-vegdata::tax("all")
2. | \-vegdata:::load.taxlist(refl, detailed = detailed)
3. | +-httr::http_error(remote)
4. | \-httr:::http_error.character(remote)
5. | +-httr::http_error(HEAD(x, ...))
6. | \-httr::HEAD(x, ...)
7. | \-httr:::request_perform(req, hu$handle$handle)
8. | +-httr:::request_fetch(req$output, req$url, handle)
9. | \-httr:::request_fetch.write_memory(req$output, req$url, handle)
10. | \-curl::curl_fetch_memory(url, handle = handle)
11. \-curl:::raise_libcurl_error(...)
~~~~~~~~~~~~~~~~~~~~~~~~~~~~~~~~~~~~~~~~~~~~~~~~~~~~~~~~~~~~~~~~~~~~~~~~~~~~~~~~
Error: processing vignette 'eHOF.Rnw' failed with diagnostics:
Timeout was reached [germansl.infinitenature.org]: Connection timed out after 10000 milliseconds
--- failed re-building ‘eHOF.Rnw’
SUMMARY: processing the following file failed:
‘eHOF.Rnw’
Error: Vignette re-building failed.
Execution halted
Flavor: r-release-macos-x86_64
Version: 1.16
Check: re-building of vignette outputs
Result: ERROR
Error(s) in re-building vignettes:
--- re-building 'eHOF.Rnw' using knitr
Quitting from eHOF.Rnw:57-67 [4site.echo]
~~~~~~~~~~~~~~~~~~~~~~~~~~~~~~~~~~~~~~~~~~~~~~~~~~~~~~~~~~~~~~~~~~~~~~~~~~~~~~~~
<error/rlang_error>
Error in `load.taxlist()`:
! Reference list file D:\temp\2025_10_06_01_50_00_7952\RtmpoPA77E/species/GermanSL 1.5/species.dbf does not exist.
---
Backtrace:
x
1. \-vegdata::tax("all")
2. \-vegdata:::load.taxlist(refl, detailed = detailed)
~~~~~~~~~~~~~~~~~~~~~~~~~~~~~~~~~~~~~~~~~~~~~~~~~~~~~~~~~~~~~~~~~~~~~~~~~~~~~~~~
Error: processing vignette 'eHOF.Rnw' failed with diagnostics:
Reference list file D:\temp\2025_10_06_01_50_00_7952\RtmpoPA77E/species/GermanSL 1.5/species.dbf does not exist.
--- failed re-building 'eHOF.Rnw'
SUMMARY: processing the following file failed:
'eHOF.Rnw'
Error: Vignette re-building failed.
Execution halted
Flavor: r-release-windows-x86_64
Version: 1.16
Check: re-building of vignette outputs
Result: ERROR
Error(s) in re-building vignettes:
--- re-building 'eHOF.Rnw' using knitr
Quitting from eHOF.Rnw:57-67 [4site.echo]
~~~~~~~~~~~~~~~~~~~~~~~~~~~~~~~~~~~~~~~~~~~~~~~~~~~~~~~~~~~~~~~~~~~~~~~~~~~~~~~~
<error/rlang_error>
Error in `load.taxlist()`:
! Reference list file D:\temp\2025_10_21_12_46_10_10564\Rtmp2FD8oX/species/GermanSL 1.5/species.dbf does not exist.
---
Backtrace:
x
1. \-vegdata::tax("all")
2. \-vegdata:::load.taxlist(refl, detailed = detailed)
~~~~~~~~~~~~~~~~~~~~~~~~~~~~~~~~~~~~~~~~~~~~~~~~~~~~~~~~~~~~~~~~~~~~~~~~~~~~~~~~
Error: processing vignette 'eHOF.Rnw' failed with diagnostics:
Reference list file D:\temp\2025_10_21_12_46_10_10564\Rtmp2FD8oX/species/GermanSL 1.5/species.dbf does not exist.
--- failed re-building 'eHOF.Rnw'
SUMMARY: processing the following file failed:
'eHOF.Rnw'
Error: Vignette re-building failed.
Execution halted
Flavor: r-oldrel-windows-x86_64