Last updated on 2025-10-24 04:50:51 CEST.
| Flavor | Version | Tinstall | Tcheck | Ttotal | Status | Flags |
|---|---|---|---|---|---|---|
| r-devel-linux-x86_64-debian-clang | 0.0.5 | 5.64 | 79.09 | 84.73 | NOTE | |
| r-devel-linux-x86_64-debian-gcc | 0.0.5 | 4.33 | 57.17 | 61.50 | NOTE | |
| r-devel-linux-x86_64-fedora-clang | 0.0.5 | 15.00 | 119.46 | 134.46 | NOTE | |
| r-devel-linux-x86_64-fedora-gcc | 0.0.5 | 12.00 | 123.53 | 135.53 | NOTE | |
| r-devel-windows-x86_64 | 0.0.5 | 7.00 | 84.00 | 91.00 | NOTE | |
| r-patched-linux-x86_64 | 0.0.5 | 6.12 | 73.47 | 79.59 | NOTE | |
| r-release-linux-x86_64 | 0.0.5 | 6.32 | 73.31 | 79.63 | NOTE | |
| r-release-macos-arm64 | 0.0.5 | 2.00 | 39.00 | 41.00 | NOTE | |
| r-release-macos-x86_64 | 0.0.5 | 4.00 | 66.00 | 70.00 | NOTE | |
| r-release-windows-x86_64 | 0.0.5 | 8.00 | 84.00 | 92.00 | NOTE | |
| r-oldrel-macos-arm64 | 0.0.5 | 2.00 | 36.00 | 38.00 | NOTE | |
| r-oldrel-macos-x86_64 | 0.0.5 | 3.00 | 53.00 | 56.00 | NOTE | |
| r-oldrel-windows-x86_64 | 0.0.5 | 11.00 | 110.00 | 121.00 | NOTE |
Version: 0.0.5
Check: Rd files
Result: NOTE
checkRd: (-1) plot.earlyR.Rd:34-46: Lost braces
34 | if (require(incidence)) {
| ^
Flavors: r-devel-linux-x86_64-debian-clang, r-devel-linux-x86_64-debian-gcc, r-devel-linux-x86_64-fedora-clang, r-devel-linux-x86_64-fedora-gcc, r-devel-windows-x86_64, r-patched-linux-x86_64, r-release-linux-x86_64, r-release-macos-arm64, r-release-macos-x86_64, r-release-windows-x86_64, r-oldrel-macos-arm64, r-oldrel-macos-x86_64, r-oldrel-windows-x86_64
Version: 0.0.5
Check: LazyData
Result: NOTE
'LazyData' is specified without a 'data' directory
Flavors: r-oldrel-macos-arm64, r-oldrel-macos-x86_64, r-oldrel-windows-x86_64