Last updated on 2025-10-22 05:51:07 CEST.
Flavor | Version | Tinstall | Tcheck | Ttotal | Status | Flags |
---|---|---|---|---|---|---|
r-devel-linux-x86_64-debian-clang | 0.4.5 | 15.55 | 45.03 | 60.58 | NOTE | |
r-devel-linux-x86_64-debian-gcc | 0.4.5 | 12.08 | 33.19 | 45.27 | NOTE | |
r-devel-linux-x86_64-fedora-clang | 0.4.5 | 54.00 | 49.86 | 103.86 | OK | |
r-devel-linux-x86_64-fedora-gcc | 0.4.5 | 40.00 | 70.04 | 110.04 | OK | |
r-devel-windows-x86_64 | 0.4.5 | 21.00 | 78.00 | 99.00 | OK | |
r-patched-linux-x86_64 | 0.4.5 | 17.83 | 41.57 | 59.40 | OK | |
r-release-linux-x86_64 | 0.4.5 | 16.88 | 41.21 | 58.09 | OK | |
r-release-macos-arm64 | 0.4.5 | 8.00 | 37.00 | 45.00 | OK | |
r-release-macos-x86_64 | 0.4.5 | 10.00 | 50.00 | 60.00 | OK | |
r-release-windows-x86_64 | 0.4.5 | 24.00 | 80.00 | 104.00 | OK | |
r-oldrel-macos-arm64 | 0.4.5 | 9.00 | 27.00 | 36.00 | OK | |
r-oldrel-macos-x86_64 | 0.4.5 | 9.00 | 41.00 | 50.00 | OK | |
r-oldrel-windows-x86_64 | 0.4.5 | 26.00 | 91.00 | 117.00 | OK |
Version: 0.4.5
Check: HTML version of manual
Result: NOTE
Found the following HTML validation problems:
changearg.html:52:1 (changearg.Rd:12): Warning: missing </ul> before </div>
weisheimer.html:80:1 (weisheimer.Rd:31): Warning: missing </ul> before </div>
Flavors: r-devel-linux-x86_64-debian-clang, r-devel-linux-x86_64-debian-gcc