Last updated on 2025-10-24 04:50:51 CEST.
| Flavor | Version | Tinstall | Tcheck | Ttotal | Status | Flags |
|---|---|---|---|---|---|---|
| r-devel-linux-x86_64-debian-clang | 0.4.0 | 16.16 | 198.24 | 214.40 | NOTE | |
| r-devel-linux-x86_64-debian-gcc | 0.4.0 | 12.84 | 132.58 | 145.42 | OK | |
| r-devel-linux-x86_64-fedora-clang | 0.4.0 | 104.00 | 252.18 | 356.18 | OK | |
| r-devel-linux-x86_64-fedora-gcc | 0.4.0 | 35.00 | 284.36 | 319.36 | OK | |
| r-devel-windows-x86_64 | 0.4.0 | 18.00 | 179.00 | 197.00 | OK | |
| r-patched-linux-x86_64 | 0.4.0 | 15.19 | 188.72 | 203.91 | OK | |
| r-release-linux-x86_64 | 0.4.0 | 15.82 | 191.23 | 207.05 | OK | |
| r-release-macos-arm64 | 0.4.0 | 6.00 | 69.00 | 75.00 | OK | |
| r-release-macos-x86_64 | 0.4.0 | 16.00 | 170.00 | 186.00 | OK | |
| r-release-windows-x86_64 | 0.4.0 | 20.00 | 178.00 | 198.00 | OK | |
| r-oldrel-macos-arm64 | 0.4.0 | 5.00 | 69.00 | 74.00 | OK | |
| r-oldrel-macos-x86_64 | 0.4.0 | 14.00 | 167.00 | 181.00 | OK | |
| r-oldrel-windows-x86_64 | 0.4.0 | 27.00 | 253.00 | 280.00 | OK |
Version: 0.4.0
Check: HTML version of manual
Result: NOTE
Found the following HTML validation problems:
manip_get_ggplot_data.html:46:1 (manip_get_ggplot_data.Rd:10): Warning: missing </ul> before </div>
Flavor: r-devel-linux-x86_64-debian-clang