Last updated on 2025-10-22 05:51:07 CEST.
Flavor | Version | Tinstall | Tcheck | Ttotal | Status | Flags |
---|---|---|---|---|---|---|
r-devel-linux-x86_64-debian-clang | 1.2.3 | 9.49 | 117.06 | 126.55 | NOTE | |
r-devel-linux-x86_64-debian-gcc | 1.2.3 | 6.43 | 84.77 | 91.20 | NOTE | |
r-devel-linux-x86_64-fedora-clang | 1.2.3 | 50.00 | 152.68 | 202.68 | OK | |
r-devel-linux-x86_64-fedora-gcc | 1.2.3 | 41.00 | 166.97 | 207.97 | OK | |
r-devel-windows-x86_64 | 1.2.3 | 12.00 | 125.00 | 137.00 | OK | |
r-patched-linux-x86_64 | 1.2.3 | 9.84 | 108.45 | 118.29 | OK | |
r-release-linux-x86_64 | 1.2.3 | 8.79 | 109.87 | 118.66 | OK | |
r-release-macos-arm64 | 1.2.3 | 5.00 | 57.00 | 62.00 | OK | |
r-release-macos-x86_64 | 1.2.3 | 12.00 | 108.00 | 120.00 | OK | |
r-release-windows-x86_64 | 1.2.3 | 14.00 | 131.00 | 145.00 | OK | |
r-oldrel-macos-arm64 | 1.2.3 | 5.00 | 57.00 | 62.00 | OK | |
r-oldrel-macos-x86_64 | 1.2.3 | 10.00 | 107.00 | 117.00 | OK | |
r-oldrel-windows-x86_64 | 1.2.3 | 15.00 | 158.00 | 173.00 | OK |
Version: 1.2.3
Check: HTML version of manual
Result: NOTE
Found the following HTML validation problems:
Artist.html:158:1 (Artist.Rd:88): Warning: <h5> anchor "Usage" already defined
Artist.html:164:1 (Artist.Rd:92): Warning: <h5> anchor "Returns" already defined
Artist.html:181:1 (Artist.Rd:101): Warning: <h5> anchor "Usage" already defined
Artist.html:187:1 (Artist.Rd:105): Warning: <h5> anchor "Arguments" already defined
Artist.html:204:1 (Artist.Rd:116): Warning: <h5> anchor "Returns" already defined
Artist.html:221:1 (Artist.Rd:125): Warning: <h5> anchor "Usage" already defined
Artist.html:227:1 (Artist.Rd:129): Warning: <h5> anchor "Arguments" already defined
Artist.html:244:1 (Artist.Rd:140): Warning: <h5> anchor "Returns" already defined
Artist.html:261:1 (Artist.Rd:149): Warning: <h5> anchor "Usage" already defined
Artist.html:274:1 (Artist.Rd:160): Warning: <h5> anchor "Arguments" already defined
Artist.html:297:1 (Artist.Rd:177): Warning: <h5> anchor "Returns" already defined
Artist.html:314:1 (Artist.Rd:186): Warning: <h5> anchor "Usage" already defined
Artist.html:326:1 (Artist.Rd:196): Warning: <h5> anchor "Arguments" already defined
Artist.html:347:1 (Artist.Rd:211): Warning: <h5> anchor "Returns" already defined
Artist.html:367:1 (Artist.Rd:223): Warning: <h5> anchor "Usage" already defined
Artist.html:373:1 (Artist.Rd:227): Warning: <h5> anchor "Arguments" already defined
Artist.html:394:1 (Artist.Rd:242): Warning: <h5> anchor "Returns" already defined
Artist.html:414:1 (Artist.Rd:254): Warning: <h5> anchor "Usage" already defined
Artist.html:420:1 (Artist.Rd:258): Warning: <h5> anchor "Arguments" already defined
Artist.html:443:1 (Artist.Rd:275): Warning: <h5> anchor "Returns" already defined
Artist.html:463:1 (Artist.Rd:287): Warning: <h5> anchor "Usage" already defined
Artist.html:469:1 (Artist.Rd:291): Warning: <h5> anchor "Arguments" already defined
Artist.html:490:1 (Artist.Rd:306): Warning: <h5> anchor "Returns" already defined
Artist.html:510:1 (Artist.Rd:318): Warning: <h5> anchor "Usage" already defined
Artist.html:516:1 (Artist.Rd:322): Warning: <h5> anchor "Arguments" already defined
Artist.html:535:1 (Artist.Rd:335): Warning: <h5> anchor "Returns" already defined
Artist.html:555:1 (Artist.Rd:347): Warning: <h5> anchor "Usage" already defined
Artist.html:561:1 (Artist.Rd:351): Warning: <h5> anchor "Arguments" already defined
Artist.html:580:1 (Artist.Rd:364): Warning: <h5> anchor "Returns" already defined
Artist.html:600:1 (Artist.Rd:376): Warning: <h5> anchor "Usage" already defined
Artist.html:606:1 (Artist.Rd:380): Warning: <h5> anchor "Arguments" already defined
Artist.html:627:1 (Artist.Rd:395): Warning: <h5> anchor "Returns" already defined
Artist.html:647:1 (Artist.Rd:407): Warning: <h5> anchor "Usage" already defined
Artist.html:653:1 (Artist.Rd:411): Warning: <h5> anchor "Arguments" already defined
Artist.html:674:1 (Artist.Rd:426): Warning: <h5> anchor "Returns" already defined
Artist.html:693:1 (Artist.Rd:437): Warning: <h5> anchor "Usage" already defined
Artist.html:699:1 (Artist.Rd:441): Warning: <h5> anchor "Arguments" already defined
Artist.html:718:1 (Artist.Rd:454): Warning: <h5> anchor "Returns" already defined
Artist.html:735:1 (Artist.Rd:463): Warning: <h5> anchor "Usage" already defined
Artist.html:741:1 (Artist.Rd:467): Warning: <h5> anchor "Arguments" already defined
Flavors: r-devel-linux-x86_64-debian-clang, r-devel-linux-x86_64-debian-gcc