Last updated on 2025-10-24 04:50:51 CEST.
| Flavor | Version | Tinstall | Tcheck | Ttotal | Status | Flags |
|---|---|---|---|---|---|---|
| r-devel-linux-x86_64-debian-clang | 1.0.2 | 2.02 | 21.72 | 23.74 | NOTE | |
| r-devel-linux-x86_64-debian-gcc | 1.0.2 | 1.50 | 17.76 | 19.26 | NOTE | |
| r-devel-linux-x86_64-fedora-clang | 1.0.2 | 37.18 | OK | |||
| r-devel-linux-x86_64-fedora-gcc | 1.0.2 | 51.24 | OK | |||
| r-devel-windows-x86_64 | 1.0.2 | 3.00 | 39.00 | 42.00 | OK | |
| r-patched-linux-x86_64 | 1.0.2 | 1.99 | 20.67 | 22.66 | OK | |
| r-release-linux-x86_64 | 1.0.2 | 1.72 | 20.43 | 22.15 | OK | |
| r-release-macos-arm64 | 1.0.2 | 1.00 | 21.00 | 22.00 | OK | |
| r-release-macos-x86_64 | 1.0.2 | 2.00 | 37.00 | 39.00 | OK | |
| r-release-windows-x86_64 | 1.0.2 | 3.00 | 43.00 | 46.00 | OK | |
| r-oldrel-macos-arm64 | 1.0.2 | 1.00 | 21.00 | 22.00 | OK | |
| r-oldrel-macos-x86_64 | 1.0.2 | 1.00 | 30.00 | 31.00 | OK | |
| r-oldrel-windows-x86_64 | 1.0.2 | 5.00 | 46.00 | 51.00 | OK |
Version: 1.0.2
Check: CRAN incoming feasibility
Result: NOTE
Maintainer: ‘Aaron McGarvey <amcgarvey271@gmail.com>’
No Authors@R field in DESCRIPTION.
Please add one, modifying
Authors@R: person(given = "Aaron",
family = "McGarvey",
role = c("aut", "cre"),
email = "amcgarvey271@gmail.com")
as necessary.
Flavors: r-devel-linux-x86_64-debian-clang, r-devel-linux-x86_64-debian-gcc