Last updated on 2025-10-22 05:51:07 CEST.
Flavor | Version | Tinstall | Tcheck | Ttotal | Status | Flags |
---|---|---|---|---|---|---|
r-devel-linux-x86_64-debian-clang | 1.2.0 | 9.40 | 147.98 | 157.38 | NOTE | |
r-devel-linux-x86_64-debian-gcc | 1.2.0 | 5.75 | 99.27 | 105.02 | NOTE | |
r-devel-linux-x86_64-fedora-clang | 1.2.0 | 21.00 | 220.33 | 241.33 | OK | |
r-devel-linux-x86_64-fedora-gcc | 1.2.0 | 17.00 | 223.17 | 240.17 | OK | |
r-devel-windows-x86_64 | 1.2.0 | 11.00 | 164.00 | 175.00 | OK | |
r-patched-linux-x86_64 | 1.2.0 | 8.72 | 135.81 | 144.53 | OK | |
r-release-linux-x86_64 | 1.2.0 | 8.53 | 135.81 | 144.34 | OK | |
r-release-macos-arm64 | 1.2.0 | 4.00 | 85.00 | 89.00 | OK | |
r-release-macos-x86_64 | 1.2.0 | 9.00 | 158.00 | 167.00 | OK | |
r-release-windows-x86_64 | 1.2.0 | 14.00 | 167.00 | 181.00 | OK | |
r-oldrel-macos-arm64 | 1.2.0 | 5.00 | 93.00 | 98.00 | OK | |
r-oldrel-macos-x86_64 | 1.2.0 | 8.00 | 142.00 | 150.00 | OK | |
r-oldrel-windows-x86_64 | 1.2.0 | 15.00 | 203.00 | 218.00 | OK |
Version: 1.2.0
Check: HTML version of manual
Result: NOTE
Found the following HTML validation problems:
insertVariable.html:55:1 (insertVariable.Rd:15): Warning: missing </ul> before </div>
Flavors: r-devel-linux-x86_64-debian-clang, r-devel-linux-x86_64-debian-gcc