CRAN Package Check Results for Package ebci

Last updated on 2025-10-22 05:51:07 CEST.

Flavor Version Tinstall Tcheck Ttotal Status Flags
r-devel-linux-x86_64-debian-clang 1.0.0 2.33 295.49 297.82 NOTE
r-devel-linux-x86_64-debian-gcc 1.0.0 1.58 193.62 195.20 NOTE
r-devel-linux-x86_64-fedora-clang 1.0.0 646.15 OK
r-devel-linux-x86_64-fedora-gcc 1.0.0 623.74 OK
r-devel-windows-x86_64 1.0.0 4.00 290.00 294.00 OK
r-patched-linux-x86_64 1.0.0 2.24 336.27 338.51 OK
r-release-linux-x86_64 1.0.0 2.05 339.82 341.87 OK
r-release-macos-arm64 1.0.0 1.00 121.00 122.00 OK
r-release-macos-x86_64 1.0.0 2.00 297.00 299.00 OK
r-release-windows-x86_64 1.0.0 4.00 297.00 301.00 OK
r-oldrel-macos-arm64 1.0.0 1.00 110.00 111.00 OK
r-oldrel-macos-x86_64 1.0.0 2.00 205.00 207.00 OK
r-oldrel-windows-x86_64 1.0.0 6.00 396.00 402.00 OK

Check Details

Version: 1.0.0
Check: CRAN incoming feasibility
Result: NOTE Maintainer: ‘Michal Kolesár <kolesarmi@googlemail.com>’ The Description field contains and Plagborg-Møller (2020) <arXiv:2004.03448>. Please refer to arXiv e-prints via their arXiv DOI <doi:10.48550/arXiv.YYMM.NNNNN>. Flavors: r-devel-linux-x86_64-debian-clang, r-devel-linux-x86_64-debian-gcc