Last updated on 2025-10-22 05:51:07 CEST.
Flavor | Version | Tinstall | Tcheck | Ttotal | Status | Flags |
---|---|---|---|---|---|---|
r-devel-linux-x86_64-debian-clang | 2.0.0 | 17.12 | 118.97 | 136.09 | NOTE | |
r-devel-linux-x86_64-debian-gcc | 2.0.0 | 11.82 | 88.32 | 100.14 | NOTE | |
r-devel-linux-x86_64-fedora-clang | 2.0.0 | 52.00 | 167.83 | 219.83 | OK | |
r-devel-linux-x86_64-fedora-gcc | 2.0.0 | 36.00 | 193.76 | 229.76 | OK | |
r-devel-windows-x86_64 | 2.0.0 | 22.00 | 143.00 | 165.00 | OK | |
r-patched-linux-x86_64 | 2.0.0 | 16.80 | 120.29 | 137.09 | OK | |
r-release-linux-x86_64 | 2.0.0 | 16.28 | 121.45 | 137.73 | OK | |
r-release-macos-arm64 | 2.0.0 | 11.00 | 69.00 | 80.00 | OK | |
r-release-macos-x86_64 | 2.0.0 | 17.00 | 119.00 | 136.00 | OK | |
r-release-windows-x86_64 | 2.0.0 | 23.00 | 178.00 | 201.00 | OK | |
r-oldrel-macos-arm64 | 2.0.0 | 9.00 | 65.00 | 74.00 | NOTE | |
r-oldrel-macos-x86_64 | 2.0.0 | 36.00 | 136.00 | 172.00 | NOTE | |
r-oldrel-windows-x86_64 | 2.0.0 | 26.00 | 192.00 | 218.00 | OK |
Version: 2.0.0
Check: HTML version of manual
Result: NOTE
Found the following HTML validation problems:
rca.html:46:1 (rca.Rd:10): Warning: missing </ul> before </div>
Flavors: r-devel-linux-x86_64-debian-clang, r-devel-linux-x86_64-debian-gcc
Version: 2.0.0
Check: installed package size
Result: NOTE
installed size is 5.7Mb
sub-directories of 1Mb or more:
data 1.7Mb
doc 1.7Mb
libs 2.0Mb
Flavors: r-oldrel-macos-arm64, r-oldrel-macos-x86_64