Last updated on 2025-10-23 08:49:53 CEST.
Flavor | Version | Tinstall | Tcheck | Ttotal | Status | Flags |
---|---|---|---|---|---|---|
r-devel-linux-x86_64-debian-clang | 1.2.9 | 12.20 | 65.91 | 78.11 | NOTE | |
r-devel-linux-x86_64-debian-gcc | 1.2.9 | 8.98 | 48.28 | 57.26 | NOTE | |
r-devel-linux-x86_64-fedora-clang | 1.2.9 | 69.00 | 79.63 | 148.63 | NOTE | |
r-devel-linux-x86_64-fedora-gcc | 1.2.9 | 69.00 | 68.45 | 137.45 | NOTE | |
r-devel-windows-x86_64 | 1.2.9 | 15.00 | 81.00 | 96.00 | OK | |
r-patched-linux-x86_64 | 1.2.9 | 14.23 | 70.20 | 84.43 | OK | |
r-release-linux-x86_64 | 1.2.9 | 12.93 | 70.70 | 83.63 | OK | |
r-release-macos-arm64 | 1.2.9 | 6.00 | 31.00 | 37.00 | OK | |
r-release-macos-x86_64 | 1.2.9 | 11.00 | 58.00 | 69.00 | OK | |
r-release-windows-x86_64 | 1.2.9 | 14.00 | 82.00 | 96.00 | OK | |
r-oldrel-macos-arm64 | 1.2.9 | 6.00 | 27.00 | 33.00 | OK | |
r-oldrel-macos-x86_64 | 1.2.9 | 11.00 | 48.00 | 59.00 | OK | |
r-oldrel-windows-x86_64 | 1.2.9 | 12.00 | 104.00 | 116.00 | OK |
Version: 1.2.9
Check: CRAN incoming feasibility
Result: NOTE
Maintainer: ‘Nele Schuwirth <nele.schuwirth@eawag.ch>’
No Authors@R field in DESCRIPTION.
Please add one, modifying
Authors@R: c(person(given = "Nele",
family = "Schuwirth",
role = c("aut", "cre"),
email = "nele.schuwirth@eawag.ch"),
person(given = c("Peter", "Reichert", "with", "contributions", "by", "Simone"),
family = "Langhans",
role = "aut",
email = "peter.reichert@eawag.ch"),
person(given = "Christian",
family = "Michel",
role = "aut"))
as necessary.
Flavors: r-devel-linux-x86_64-debian-clang, r-devel-linux-x86_64-debian-gcc
Version: 1.2.9
Check: Rd files
Result: NOTE
checkRd: (-1) lake.morphol.2016.create.Rd:39: height/width attributes should be in pixels
checkRd: (-1) lake.morphol.2016.create.Rd:41: height/width attributes should be in pixels
checkRd: (-1) lake.morphol.2016.create.Rd:43: height/width attributes should be in pixels
Flavors: r-devel-linux-x86_64-debian-gcc, r-devel-linux-x86_64-fedora-clang, r-devel-linux-x86_64-fedora-gcc