Last updated on 2025-10-22 05:51:07 CEST.
Flavor | Version | Tinstall | Tcheck | Ttotal | Status | Flags |
---|---|---|---|---|---|---|
r-devel-linux-x86_64-debian-clang | 0.4.2 | 20.68 | 77.62 | 98.30 | NOTE | |
r-devel-linux-x86_64-debian-gcc | 0.4.2 | 17.61 | 58.92 | 76.53 | NOTE | |
r-devel-linux-x86_64-fedora-clang | 0.4.2 | 68.00 | 102.71 | 170.71 | OK | |
r-devel-linux-x86_64-fedora-gcc | 0.4.2 | 53.00 | 109.11 | 162.11 | OK | |
r-devel-windows-x86_64 | 0.4.2 | 28.00 | 105.00 | 133.00 | OK | |
r-patched-linux-x86_64 | 0.4.2 | 24.83 | 76.86 | 101.69 | OK | |
r-release-linux-x86_64 | 0.4.2 | 25.76 | 76.31 | 102.07 | OK | |
r-release-macos-arm64 | 0.4.2 | 12.00 | 39.00 | 51.00 | OK | |
r-release-macos-x86_64 | 0.4.2 | 13.00 | 68.00 | 81.00 | OK | |
r-release-windows-x86_64 | 0.4.2 | 28.00 | 105.00 | 133.00 | OK | |
r-oldrel-macos-arm64 | 0.4.2 | 11.00 | 36.00 | 47.00 | OK | |
r-oldrel-macos-x86_64 | 0.4.2 | 12.00 | 53.00 | 65.00 | OK | |
r-oldrel-windows-x86_64 | 0.4.2 | 34.00 | 137.00 | 171.00 | OK |
Version: 0.4.2
Check: HTML version of manual
Result: NOTE
Found the following HTML validation problems:
install_bundle_py.html:53:1 (install_bundle_py.Rd:15): Warning: missing </ul> before </div>
Flavors: r-devel-linux-x86_64-debian-clang, r-devel-linux-x86_64-debian-gcc