CRAN Package Check Results for Package editbl

Last updated on 2025-10-22 05:51:07 CEST.

Flavor Version Tinstall Tcheck Ttotal Status Flags
r-devel-linux-x86_64-debian-clang 1.3.0 7.61 84.95 92.56 NOTE
r-devel-linux-x86_64-debian-gcc 1.3.0 5.73 60.50 66.23 NOTE
r-devel-linux-x86_64-fedora-clang 1.3.0 23.00 119.18 142.18 OK
r-devel-linux-x86_64-fedora-gcc 1.3.0 16.00 128.08 144.08 OK
r-devel-windows-x86_64 1.3.0 12.00 108.00 120.00 OK
r-patched-linux-x86_64 1.3.0 7.84 79.70 87.54 OK
r-release-linux-x86_64 1.3.0 7.40 78.40 85.80 OK
r-release-macos-arm64 1.3.0 3.00 48.00 51.00 OK
r-release-macos-x86_64 1.3.0 7.00 89.00 96.00 OK
r-release-windows-x86_64 1.3.0 12.00 106.00 118.00 OK
r-oldrel-macos-arm64 1.3.0 3.00 50.00 53.00 OK
r-oldrel-macos-x86_64 1.3.0 7.00 88.00 95.00 OK
r-oldrel-windows-x86_64 1.3.0 13.00 122.00 135.00 OK

Check Details

Version: 1.3.0
Check: HTML version of manual
Result: NOTE Found the following HTML validation problems: canXXXRowTemplate.html:81:1 (canXXXRowTemplate.Rd:26): Warning: missing </ul> before </div> Flavors: r-devel-linux-x86_64-debian-clang, r-devel-linux-x86_64-debian-gcc