Last updated on 2025-10-22 05:51:07 CEST.
Flavor | Version | Tinstall | Tcheck | Ttotal | Status | Flags |
---|---|---|---|---|---|---|
r-devel-linux-x86_64-debian-clang | 0.2.4 | 96.79 | 29.43 | 126.22 | OK | |
r-devel-linux-x86_64-debian-gcc | 0.2.4 | 89.06 | 30.80 | 119.86 | OK | |
r-devel-linux-x86_64-fedora-clang | 0.2.4 | 174.00 | 44.51 | 218.51 | OK | |
r-devel-linux-x86_64-fedora-gcc | 0.2.4 | 196.00 | 91.17 | 287.17 | OK | |
r-devel-windows-x86_64 | 0.2.4 | 110.00 | 83.00 | 193.00 | OK | |
r-patched-linux-x86_64 | 0.2.4 | 117.80 | 37.14 | 154.94 | OK | |
r-release-linux-x86_64 | 0.2.4 | 119.13 | 37.52 | 156.65 | OK | |
r-release-macos-arm64 | 0.2.4 | 47.00 | 39.00 | 86.00 | OK | |
r-release-macos-x86_64 | 0.2.4 | 70.00 | 72.00 | 142.00 | OK | |
r-release-windows-x86_64 | 0.2.4 | 111.00 | 82.00 | 193.00 | OK | |
r-oldrel-macos-arm64 | 0.2.4 | 45.00 | 38.00 | 83.00 | NOTE | |
r-oldrel-macos-x86_64 | 0.2.4 | 93.00 | 76.00 | 169.00 | NOTE | |
r-oldrel-windows-x86_64 | 0.2.4 | 135.00 | 90.00 | 225.00 | OK |
Version: 0.2.4
Check: installed package size
Result: NOTE
installed size is 50.5Mb
sub-directories of 1Mb or more:
libs 49.5Mb
Flavors: r-oldrel-macos-arm64, r-oldrel-macos-x86_64