CRAN Package Check Results for Package ensr

Last updated on 2025-10-22 05:51:07 CEST.

Flavor Version Tinstall Tcheck Ttotal Status Flags
r-devel-linux-x86_64-debian-clang 0.1.0 6.30 65.03 71.33 NOTE
r-devel-linux-x86_64-debian-gcc 0.1.0 5.30 48.92 54.22 NOTE
r-devel-linux-x86_64-fedora-clang 0.1.0 19.00 96.19 115.19 OK
r-devel-linux-x86_64-fedora-gcc 0.1.0 15.00 104.64 119.64 OK
r-devel-windows-x86_64 0.1.0 8.00 75.00 83.00 OK
r-patched-linux-x86_64 0.1.0 6.29 62.41 68.70 OK
r-release-linux-x86_64 0.1.0 6.46 62.17 68.63 OK
r-release-macos-arm64 0.1.0 4.00 47.00 51.00 OK
r-release-macos-x86_64 0.1.0 6.00 66.00 72.00 OK
r-release-windows-x86_64 0.1.0 9.00 78.00 87.00 OK
r-oldrel-macos-arm64 0.1.0 3.00 33.00 36.00 OK
r-oldrel-macos-x86_64 0.1.0 5.00 55.00 60.00 OK
r-oldrel-windows-x86_64 0.1.0 10.00 91.00 101.00 OK

Check Details

Version: 0.1.0
Check: HTML version of manual
Result: NOTE Found the following HTML validation problems: ensr.html:83:1 (ensr.Rd:35): Warning: missing </ul> before </div> preferable.html:52:1 (preferable.Rd:12): Warning: missing </ul> before </div> Flavors: r-devel-linux-x86_64-debian-clang, r-devel-linux-x86_64-debian-gcc