Last updated on 2025-10-22 05:51:07 CEST.
| Flavor | Version | Tinstall | Tcheck | Ttotal | Status | Flags |
|---|---|---|---|---|---|---|
| r-devel-linux-x86_64-debian-clang | 0.2.1 | 4.02 | 41.45 | 45.47 | OK | |
| r-devel-linux-x86_64-debian-gcc | 0.2.1 | 3.11 | 29.44 | 32.55 | OK | |
| r-devel-linux-x86_64-fedora-clang | 0.2.1 | 13.00 | 56.29 | 69.29 | OK | |
| r-devel-linux-x86_64-fedora-gcc | 0.2.1 | 61.76 | OK | |||
| r-devel-windows-x86_64 | 0.2.1 | 6.00 | 55.00 | 61.00 | OK | |
| r-patched-linux-x86_64 | 0.2.1 | 3.04 | 36.57 | 39.61 | OK | |
| r-release-linux-x86_64 | 0.2.1 | 3.55 | 36.68 | 40.23 | OK | |
| r-release-macos-arm64 | 0.2.1 | 2.00 | 22.00 | 24.00 | OK | |
| r-release-macos-x86_64 | 0.2.1 | 4.00 | 36.00 | 40.00 | OK | |
| r-release-windows-x86_64 | 0.2.1 | 6.00 | 54.00 | 60.00 | OK | |
| r-oldrel-macos-arm64 | 0.2.1 | 2.00 | 22.00 | 24.00 | NOTE | |
| r-oldrel-macos-x86_64 | 0.2.1 | 3.00 | 30.00 | 33.00 | NOTE | |
| r-oldrel-windows-x86_64 | 0.2.1 | 8.00 | 65.00 | 73.00 | NOTE |
Version: 0.2.1
Check: LazyData
Result: NOTE
'LazyData' is specified without a 'data' directory
Flavors: r-oldrel-macos-arm64, r-oldrel-macos-x86_64, r-oldrel-windows-x86_64