CRAN Package Check Results for Package epicasting

Last updated on 2025-10-22 05:51:07 CEST.

Flavor Version Tinstall Tcheck Ttotal Status Flags
r-devel-linux-x86_64-debian-clang 0.1.0 7.22 74.57 81.79 NOTE
r-devel-linux-x86_64-debian-gcc 0.1.0 5.99 50.74 56.73 NOTE
r-devel-linux-x86_64-fedora-clang 0.1.0 16.00 108.30 124.30 OK
r-devel-linux-x86_64-fedora-gcc 0.1.0 16.00 100.19 116.19 OK
r-devel-windows-x86_64 0.1.0 9.00 78.00 87.00 OK
r-patched-linux-x86_64 0.1.0 7.18 67.28 74.46 OK
r-release-linux-x86_64 0.1.0 6.76 67.11 73.87 OK
r-release-macos-arm64 0.1.0 4.00 30.00 34.00 OK
r-release-macos-x86_64 0.1.0 10.00 61.00 71.00 OK
r-release-windows-x86_64 0.1.0 10.00 81.00 91.00 OK
r-oldrel-macos-arm64 0.1.0 3.00 25.00 28.00 OK
r-oldrel-macos-x86_64 0.1.0 4.00 41.00 45.00 OK
r-oldrel-windows-x86_64 0.1.0 12.00 103.00 115.00 OK

Check Details

Version: 0.1.0
Check: CRAN incoming feasibility
Result: NOTE Maintainer: ‘Tanujit Chakraborty <tanujitisi@gmail.com>’ The Description field contains et al. (2023) <arXiv:2206.10696> <doi:10.1016/j.chaos.2023.113124>. Please refer to arXiv e-prints via their arXiv DOI <doi:10.48550/arXiv.YYMM.NNNNN>. Flavors: r-devel-linux-x86_64-debian-clang, r-devel-linux-x86_64-debian-gcc