CRAN Package Check Results for Package epiparameterDB

Last updated on 2025-10-22 05:51:07 CEST.

Flavor Version Tinstall Tcheck Ttotal Status Flags
r-devel-linux-x86_64-debian-clang 0.1.0 1.71 26.39 28.10 NOTE
r-devel-linux-x86_64-debian-gcc 0.1.0 1.40 21.78 23.18 NOTE
r-devel-linux-x86_64-fedora-clang 0.1.0 42.49 OK
r-devel-linux-x86_64-fedora-gcc 0.1.0 59.33 OK
r-devel-windows-x86_64 0.1.0 3.00 46.00 49.00 OK
r-patched-linux-x86_64 0.1.0 1.76 24.01 25.77 OK
r-release-linux-x86_64 0.1.0 1.48 24.17 25.65 OK
r-release-macos-arm64 0.1.0 1.00 31.00 32.00 OK
r-release-macos-x86_64 0.1.0 2.00 56.00 58.00 OK
r-release-windows-x86_64 0.1.0 4.00 48.00 52.00 OK
r-oldrel-macos-arm64 0.1.0 1.00 49.00 50.00 OK
r-oldrel-macos-x86_64 0.1.0 2.00 89.00 91.00 OK
r-oldrel-windows-x86_64 0.1.0 5.00 52.00 57.00 OK

Check Details

Version: 0.1.0
Check: HTML version of manual
Result: NOTE Found the following HTML validation problems: epiparameterDB.html:50:1 (epiparameterDB.Rd:14): Warning: missing </ul> before </div> Flavors: r-devel-linux-x86_64-debian-clang, r-devel-linux-x86_64-debian-gcc