Last updated on 2025-10-24 04:50:51 CEST.
| Flavor | Version | Tinstall | Tcheck | Ttotal | Status | Flags |
|---|---|---|---|---|---|---|
| r-devel-linux-x86_64-debian-clang | 2.2.0 | 26.44 | 163.31 | 189.75 | NOTE | |
| r-devel-linux-x86_64-debian-gcc | 2.2.0 | 15.91 | 113.15 | 129.06 | OK | |
| r-devel-linux-x86_64-fedora-clang | 2.2.0 | 102.00 | 230.08 | 332.08 | OK | |
| r-devel-linux-x86_64-fedora-gcc | 2.2.0 | 59.00 | 251.75 | 310.75 | OK | |
| r-devel-windows-x86_64 | 2.2.0 | 31.00 | 177.00 | 208.00 | OK | |
| r-patched-linux-x86_64 | 2.2.0 | 26.07 | 154.96 | 181.03 | OK | |
| r-release-linux-x86_64 | 2.2.0 | 26.62 | 154.85 | 181.47 | OK | |
| r-release-macos-arm64 | 2.2.0 | 13.00 | 50.00 | 63.00 | OK | |
| r-release-macos-x86_64 | 2.2.0 | 25.00 | 159.00 | 184.00 | OK | |
| r-release-windows-x86_64 | 2.2.0 | 30.00 | 183.00 | 213.00 | OK | |
| r-oldrel-macos-arm64 | 2.2.0 | 13.00 | 54.00 | 67.00 | NOTE | |
| r-oldrel-macos-x86_64 | 2.2.0 | 36.00 | 209.00 | 245.00 | OK | |
| r-oldrel-windows-x86_64 | 2.2.0 | 40.00 | 237.00 | 277.00 | OK |
Version: 2.2.0
Check: HTML version of manual
Result: NOTE
Found the following HTML validation problems:
export2CEF.html:59:1 (export2CEF.Rd:17): Warning: missing </ul> before </div>
export2MSP.html:68:1 (export2MSP.Rd:24): Warning: missing </ul> before </div>
Flavor: r-devel-linux-x86_64-debian-clang
Version: 2.2.0
Check: package dependencies
Result: NOTE
Package suggested but not available for checking: ‘gcspikelite’
Flavor: r-oldrel-macos-arm64