CRAN Package Check Results for Package ergm.rank

Last updated on 2025-10-22 05:51:08 CEST.

Flavor Version Tinstall Tcheck Ttotal Status Flags
r-devel-linux-x86_64-debian-clang 4.1.2 10.53 310.72 321.25 NOTE
r-devel-linux-x86_64-debian-gcc 4.1.2 8.62 308.31 316.93 NOTE
r-devel-linux-x86_64-fedora-clang 4.1.2 36.00 489.49 525.49 OK
r-devel-linux-x86_64-fedora-gcc 4.1.2 23.00 458.18 481.18 OK
r-devel-windows-x86_64 4.1.2 17.00 381.00 398.00 OK
r-patched-linux-x86_64 4.1.2 13.03 291.06 304.09 OK
r-release-linux-x86_64 4.1.2 10.60 323.53 334.13 OK
r-release-macos-arm64 4.1.2 6.00 207.00 213.00 OK
r-release-macos-x86_64 4.1.2 11.00 514.00 525.00 OK
r-release-windows-x86_64 4.1.2 17.00 277.00 294.00 OK
r-oldrel-macos-arm64 4.1.2 6.00 205.00 211.00 OK
r-oldrel-macos-x86_64 4.1.2 13.00 466.00 479.00 OK
r-oldrel-windows-x86_64 4.1.2 20.00 411.00 431.00 OK

Check Details

Version: 4.1.2
Check: top-level files
Result: NOTE Found the following validation problem for the NEWS.Rd HTML conversion: NEWS.html:229:1 (inst/NEWS.Rd:202): Warning: missing </ul> before </div> NEWS.html:54:1 (inst/NEWS.Rd:93): Warning: <h4> anchor "BUG-FIXES" already defined NEWS.html:69:1 (inst/NEWS.Rd:104): Warning: <h4> anchor "NEW-FEATURES" already defined NEWS.html:108:1 (inst/NEWS.Rd:128): Warning: <h4> anchor "BUG-FIXES" already defined NEWS.html:130:1 (inst/NEWS.Rd:143): Warning: <h4> anchor "NEW-FEATURES" already defined NEWS.html:141:1 (inst/NEWS.Rd:149): Warning: <h4> anchor "BUG-FIXES" already defined NEWS.html:156:1 (inst/NEWS.Rd:158): Warning: <h4> anchor "BUG-FIXES" already defined NEWS.html:171:1 (inst/NEWS.Rd:171): Warning: <h4> anchor "NEW-FEATURES" already defined NEWS.html:182:1 (inst/NEWS.Rd:177): Warning: <h4> anchor "OTHER-USER-VISIBLE-CHANGES" already defined NEWS.html:193:1 (inst/NEWS.Rd:183): Warning: <h4> anchor "BUG-FIXES" already defined NEWS.html:211:1 (inst/NEWS.Rd:195): Warning: <h4> anchor "NEW-FEATURES" already defined Flavors: r-devel-linux-x86_64-debian-clang, r-devel-linux-x86_64-debian-gcc

Version: 4.1.2
Check: HTML version of manual
Result: NOTE Found the following HTML validation problems: AlterSwap-ergmProposal-7e827ae4.html:49:1 (AlterSwap-ergmProposal-7e827ae4.Rd:18): Warning: missing </ul> before </div> CompleteOrder-ergmReference-f40141c3.html:48:1 (CompleteOrder-ergmReference-f40141c3.Rd:16): Warning: missing </ul> before </div> rankdeference-ergmTerm-73181c43.html:53:1 (rankdeference-ergmTerm-73181c43.Rd:21): Warning: missing </ul> before </div> rankedgecov-ergmTerm-5905bc22.html:75:1 (rankedgecov-ergmTerm-5905bc22.Rd:35): Warning: missing </ul> before </div> rankinconsistency-ergmTerm-b232ab56.html:90:1 (rankinconsistency-ergmTerm-b232ab56.Rd:46): Warning: missing </ul> before </div> ranknodeicov-ergmTerm-856bed59.html:59:1 (ranknodeicov-ergmTerm-856bed59.Rd:20): Warning: missing </ul> before </div> ranknonconformity-ergmTerm-a4593778.html:100:1 (ranknonconformity-ergmTerm-a4593778.Rd:46): Warning: missing </ul> before </div> Flavors: r-devel-linux-x86_64-debian-clang, r-devel-linux-x86_64-debian-gcc