Last updated on 2025-10-22 05:51:08 CEST.
Flavor | Version | Tinstall | Tcheck | Ttotal | Status | Flags |
---|---|---|---|---|---|---|
r-devel-linux-x86_64-debian-clang | 1.0.7 | 73.84 | 310.45 | 384.29 | NOTE | |
r-devel-linux-x86_64-debian-gcc | 1.0.7 | 42.23 | 193.13 | 235.36 | NOTE | |
r-devel-linux-x86_64-fedora-clang | 1.0.7 | 386.00 | 259.37 | 645.37 | OK | |
r-devel-linux-x86_64-fedora-gcc | 1.0.7 | 285.00 | 288.82 | 573.82 | OK | |
r-devel-windows-x86_64 | 1.0.7 | 68.00 | 281.00 | 349.00 | OK | |
r-patched-linux-x86_64 | 1.0.7 | 67.51 | 286.16 | 353.67 | OK | |
r-release-linux-x86_64 | 1.0.7 | 61.40 | 287.82 | 349.22 | OK | |
r-release-macos-arm64 | 1.0.7 | 28.00 | 90.00 | 118.00 | OK | |
r-release-macos-x86_64 | 1.0.7 | 70.00 | 119.00 | 189.00 | OK | |
r-release-windows-x86_64 | 1.0.7 | 69.00 | 283.00 | 352.00 | OK | |
r-oldrel-macos-arm64 | 1.0.7 | 23.00 | 80.00 | 103.00 | OK | |
r-oldrel-macos-x86_64 | 1.0.7 | 60.00 | 181.00 | 241.00 | OK | |
r-oldrel-windows-x86_64 | 1.0.7 | 99.00 | 392.00 | 491.00 | OK |
Version: 1.0.7
Check: HTML version of manual
Result: NOTE
Found the following HTML validation problems:
data_bodywellf.html:56:1 (data_bodywellf.Rd:15): Warning: missing </ul> before </div>
data_bodywellfm.html:56:1 (data_bodywellfm.Rd:15): Warning: missing </ul> before </div>
data_bodywellm.html:56:1 (data_bodywellm.Rd:15): Warning: missing </ul> before </div>
data_campus_involvement.html:69:1 (data_campus_involvement.Rd:19): Warning: missing </ul> before </div>
data_chap_8_paired_ex_8.18.html:59:1 (data_chap_8_paired_ex_8.18.Rd:17): Warning: missing </ul> before </div>
data_college_survey_1.html:98:1 (data_college_survey_1.Rd:36): Warning: missing </ul> before </div>
data_college_survey_2.html:85:1 (data_college_survey_2.Rd:30): Warning: missing </ul> before </div>
data_damischrcj.html:61:1 (data_damischrcj.Rd:18): Warning: missing </ul> before </div>
data_exam_scores.html:62:1 (data_exam_scores.Rd:16): Warning: missing </ul> before </div>
data_home_prices.html:71:1 (data_home_prices.Rd:21): Warning: missing </ul> before </div>
data_labels_flavor.html:75:1 (data_labels_flavor.Rd:19): Warning: missing </ul> before </div>
data_religious_belief.html:60:1 (data_religious_belief.Rd:16): Warning: missing </ul> before </div>
data_sleep_beauty.html:61:1 (data_sleep_beauty.Rd:15): Warning: missing </ul> before </div>
data_smithrecall.html:63:1 (data_smithrecall.Rd:19): Warning: missing </ul> before </div>
data_thomason_1.html:63:1 (data_thomason_1.Rd:16): Warning: missing </ul> before </div>
esci_plot_difference_axis_x.html:78:1 (esci_plot_difference_axis_x.Rd:31): Warning: missing </ul> before </div>
print.esci_estimate.html:63:1 (print.esci_estimate.Rd:18): Warning: missing </ul> before </div>
Flavors: r-devel-linux-x86_64-debian-clang, r-devel-linux-x86_64-debian-gcc