Last updated on 2025-10-22 05:51:08 CEST.
Flavor | Version | Tinstall | Tcheck | Ttotal | Status | Flags |
---|---|---|---|---|---|---|
r-devel-linux-x86_64-debian-clang | 0.3.1 | 9.18 | 247.03 | 256.21 | NOTE | |
r-devel-linux-x86_64-debian-gcc | 0.3.1 | 4.98 | 174.46 | 179.44 | NOTE | |
r-devel-linux-x86_64-fedora-clang | 0.3.1 | 23.00 | 385.08 | 408.08 | OK | |
r-devel-linux-x86_64-fedora-gcc | 0.3.1 | 17.00 | 352.18 | 369.18 | OK | |
r-devel-windows-x86_64 | 0.3.1 | 10.00 | 212.00 | 222.00 | OK | |
r-patched-linux-x86_64 | 0.3.1 | 9.33 | 231.87 | 241.20 | OK | |
r-release-linux-x86_64 | 0.3.1 | 7.58 | 231.51 | 239.09 | OK | |
r-release-macos-arm64 | 0.3.1 | 4.00 | 110.00 | 114.00 | OK | |
r-release-macos-x86_64 | 0.3.1 | 7.00 | 204.00 | 211.00 | OK | |
r-release-windows-x86_64 | 0.3.1 | 12.00 | 208.00 | 220.00 | OK | |
r-oldrel-macos-arm64 | 0.3.1 | 4.00 | 93.00 | 97.00 | OK | |
r-oldrel-macos-x86_64 | 0.3.1 | 5.00 | 148.00 | 153.00 | OK | |
r-oldrel-windows-x86_64 | 0.3.1 | 14.00 | 312.00 | 326.00 | OK |
Version: 0.3.1
Check: HTML version of manual
Result: NOTE
Found the following HTML validation problems:
coh.html:66:1 (coh.Rd:20): Warning: missing </ul> before </div>
descrip_stats.html:51:1 (descrip_stats.Rd:15): Warning: missing </ul> before </div>
ecdf_fun.html:64:1 (ecdf_fun.Rd:23): Warning: missing </ul> before </div>
hedg.html:54:1 (hedg.Rd:14): Warning: missing </ul> before </div>
paired_ecdf.html:64:1 (paired_ecdf.Rd:23): Warning: missing </ul> before </div>
psd.html:58:1 (psd.Rd:16): Warning: missing </ul> before </div>
Flavors: r-devel-linux-x86_64-debian-clang, r-devel-linux-x86_64-debian-gcc