Last updated on 2025-10-24 04:50:52 CEST.
| Flavor | Version | Tinstall | Tcheck | Ttotal | Status | Flags |
|---|---|---|---|---|---|---|
| r-devel-linux-x86_64-debian-clang | 4.0.0 | 8.77 | 86.63 | 95.40 | NOTE | |
| r-devel-linux-x86_64-debian-gcc | 4.0.0 | 6.65 | 61.74 | 68.39 | NOTE | |
| r-devel-linux-x86_64-fedora-clang | 4.0.0 | 26.00 | 123.23 | 149.23 | OK | |
| r-devel-linux-x86_64-fedora-gcc | 4.0.0 | 21.00 | 127.91 | 148.91 | OK | |
| r-devel-windows-x86_64 | 4.0.0 | 11.00 | 102.00 | 113.00 | OK | |
| r-patched-linux-x86_64 | 4.0.0 | 10.24 | 80.93 | 91.17 | OK | |
| r-release-linux-x86_64 | 4.0.0 | 7.98 | 79.63 | 87.61 | OK | |
| r-release-macos-arm64 | 4.0.0 | 4.00 | 59.00 | 63.00 | OK | |
| r-release-macos-x86_64 | 4.0.0 | 10.00 | 114.00 | 124.00 | OK | |
| r-release-windows-x86_64 | 4.0.0 | 14.00 | 104.00 | 118.00 | OK | |
| r-oldrel-macos-arm64 | 4.0.0 | 4.00 | 62.00 | 66.00 | OK | |
| r-oldrel-macos-x86_64 | 4.0.0 | 12.00 | 86.00 | 98.00 | OK | |
| r-oldrel-windows-x86_64 | 4.0.0 | 16.00 | 133.00 | 149.00 | OK |
Version: 4.0.0
Check: CRAN incoming feasibility
Result: NOTE
Maintainer: ‘Leo Lahti <leo.lahti@iki.fi>’
Found the following (possibly) invalid URLs:
URL: https://app.gitter.im/#/room/#rOpenGov_eurostat:gitter.im
From: README.md
Message: Invalid URL: '#' not allowed in fragment
URL: https://app.gitter.im/#/room/#rOpenGov_eurostat:gitter.im?utm_source=badge&utm_medium=badge&utm_campaign=pr-badge
From: README.md
Message: Invalid URL: '#' not allowed in fragment
Flavors: r-devel-linux-x86_64-debian-clang, r-devel-linux-x86_64-debian-gcc
Version: 4.0.0
Check: HTML version of manual
Result: NOTE
Found the following HTML validation problems:
convert_time_col.html:51:1 (convert_time_col.Rd:13): Warning: missing </ul> before </div>
Flavor: r-devel-linux-x86_64-debian-clang