Last updated on 2025-10-24 04:50:52 CEST.
| Flavor | Version | Tinstall | Tcheck | Ttotal | Status | Flags |
|---|---|---|---|---|---|---|
| r-devel-linux-x86_64-debian-clang | 0.1.1 | 1.91 | 25.14 | 27.05 | OK | |
| r-devel-linux-x86_64-debian-gcc | 0.1.1 | 1.52 | 19.63 | 21.15 | NOTE | |
| r-devel-linux-x86_64-fedora-clang | 0.1.1 | 39.47 | NOTE | |||
| r-devel-linux-x86_64-fedora-gcc | 0.1.1 | 37.77 | NOTE | |||
| r-devel-windows-x86_64 | 0.1.1 | 4.00 | 42.00 | 46.00 | OK | |
| r-patched-linux-x86_64 | 0.1.1 | 1.83 | 22.82 | 24.65 | OK | |
| r-release-linux-x86_64 | 0.1.1 | 1.74 | 22.51 | 24.25 | OK | |
| r-release-macos-arm64 | 0.1.1 | 1.00 | 21.00 | 22.00 | OK | |
| r-release-macos-x86_64 | 0.1.1 | 2.00 | 27.00 | 29.00 | OK | |
| r-release-windows-x86_64 | 0.1.1 | 4.00 | 44.00 | 48.00 | OK | |
| r-oldrel-macos-arm64 | 0.1.1 | 1.00 | 14.00 | 15.00 | OK | |
| r-oldrel-macos-x86_64 | 0.1.1 | 2.00 | 23.00 | 25.00 | OK | |
| r-oldrel-windows-x86_64 | 0.1.1 | 4.00 | 49.00 | 53.00 | OK |
Version: 0.1.1
Check: Rd files
Result: NOTE
checkRd: (-1) ebc_allmeasures.Rd:17-18: height/width attributes should be in pixels
Flavors: r-devel-linux-x86_64-debian-gcc, r-devel-linux-x86_64-fedora-clang, r-devel-linux-x86_64-fedora-gcc