Last updated on 2025-10-22 05:51:08 CEST.
Flavor | Version | Tinstall | Tcheck | Ttotal | Status | Flags |
---|---|---|---|---|---|---|
r-devel-linux-x86_64-debian-clang | 0.0.1 | 15.69 | 35.90 | 51.59 | NOTE | |
r-devel-linux-x86_64-debian-gcc | 0.0.1 | 12.71 | 28.03 | 40.74 | NOTE | |
r-devel-linux-x86_64-fedora-clang | 0.0.1 | 44.00 | 39.45 | 83.45 | OK | |
r-devel-linux-x86_64-fedora-gcc | 0.0.1 | 46.00 | 58.32 | 104.32 | OK | |
r-devel-windows-x86_64 | 0.0.1 | 20.00 | 65.00 | 85.00 | OK | |
r-patched-linux-x86_64 | 0.0.1 | 17.84 | 32.99 | 50.83 | OK | |
r-release-linux-x86_64 | 0.0.1 | 17.20 | 32.89 | 50.09 | OK | |
r-release-macos-arm64 | 0.0.1 | 7.00 | 28.00 | 35.00 | OK | |
r-release-macos-x86_64 | 0.0.1 | 13.00 | 51.00 | 64.00 | OK | |
r-release-windows-x86_64 | 0.0.1 | 21.00 | 74.00 | 95.00 | OK | |
r-oldrel-macos-arm64 | 0.0.1 | 7.00 | 24.00 | 31.00 | OK | |
r-oldrel-macos-x86_64 | 0.0.1 | 9.00 | 39.00 | 48.00 | OK | |
r-oldrel-windows-x86_64 | 0.0.1 | 19.00 | 81.00 | 100.00 | OK |
Version: 0.0.1
Check: HTML version of manual
Result: NOTE
Found the following HTML validation problems:
binary_operators_ref.html:40:1 (binary_operators_ref.Rd:7): Warning: missing </ul> before </div>
map_ref.html:40:1 (map_ref.Rd:7): Warning: missing </ul> before </div>
mapping_names_ref.html:40:1 (mapping_names_ref.Rd:7): Warning: missing </ul> before </div>
pval_ref.html:40:1 (pval_ref.Rd:7): Warning: missing </ul> before </div>
singular_operators_ref.html:40:1 (singular_operators_ref.Rd:7): Warning: missing </ul> before </div>
text_ref.html:40:1 (text_ref.Rd:7): Warning: missing </ul> before </div>
tree_ref.html:40:1 (tree_ref.Rd:7): Warning: missing </ul> before </div>
valid_functions_ref.html:40:1 (valid_functions_ref.Rd:7): Warning: missing </ul> before </div>
Flavors: r-devel-linux-x86_64-debian-clang, r-devel-linux-x86_64-debian-gcc