CRAN Package Check Results for Package evaluate

Last updated on 2025-10-22 05:51:08 CEST.

Flavor Version Tinstall Tcheck Ttotal Status Flags
r-devel-linux-x86_64-debian-clang 1.0.5 2.11 34.12 36.23 NOTE
r-devel-linux-x86_64-debian-gcc 1.0.5 1.55 25.68 27.23 NOTE
r-devel-linux-x86_64-fedora-clang 1.0.5 54.92 OK
r-devel-linux-x86_64-fedora-gcc 1.0.5 51.29 OK
r-devel-windows-x86_64 1.0.5 4.00 50.00 54.00 OK
r-patched-linux-x86_64 1.0.5 2.55 31.16 33.71 OK
r-release-linux-x86_64 1.0.5 2.33 31.09 33.42 OK
r-release-macos-arm64 1.0.5 1.00 52.00 53.00 OK
r-release-macos-x86_64 1.0.5 2.00 56.00 58.00 OK
r-release-windows-x86_64 1.0.5 6.00 53.00 59.00 OK
r-oldrel-macos-arm64 1.0.5 2.00 63.00 65.00 OK
r-oldrel-macos-x86_64 1.0.5 2.00 55.00 57.00 OK
r-oldrel-windows-x86_64 1.0.5 7.00 63.00 70.00 OK

Check Details

Version: 1.0.5
Check: HTML version of manual
Result: NOTE Found the following HTML validation problems: create_traceback.html:47:1 (create_traceback.Rd:11): Warning: missing </ul> before </div> local_reproducible_output.html:81:1 (local_reproducible_output.Rd:28): Warning: missing </ul> before </div> try_capture_stack.html:51:1 (try_capture_stack.Rd:12): Warning: missing </ul> before </div> Flavors: r-devel-linux-x86_64-debian-clang, r-devel-linux-x86_64-debian-gcc