Last updated on 2025-10-22 05:51:08 CEST.
Flavor | Version | Tinstall | Tcheck | Ttotal | Status | Flags |
---|---|---|---|---|---|---|
r-devel-linux-x86_64-debian-clang | 0.5.0 | 22.10 | 156.32 | 178.42 | NOTE | |
r-devel-linux-x86_64-debian-gcc | 0.5.0 | 15.35 | 119.17 | 134.52 | NOTE | |
r-devel-linux-x86_64-fedora-clang | 0.5.0 | 69.00 | 213.50 | 282.50 | NOTE | |
r-devel-linux-x86_64-fedora-gcc | 0.5.0 | 45.00 | 204.42 | 249.42 | NOTE | |
r-devel-windows-x86_64 | 0.5.0 | 20.00 | 157.00 | 177.00 | NOTE | |
r-patched-linux-x86_64 | 0.5.0 | 22.16 | 145.30 | 167.46 | NOTE | |
r-release-linux-x86_64 | 0.5.0 | 20.26 | 144.54 | 164.80 | NOTE | |
r-release-macos-arm64 | 0.5.0 | 12.00 | 78.00 | 90.00 | NOTE | |
r-release-macos-x86_64 | 0.5.0 | 17.00 | 107.00 | 124.00 | NOTE | |
r-release-windows-x86_64 | 0.5.0 | 24.00 | 152.00 | 176.00 | NOTE | |
r-oldrel-macos-arm64 | 0.5.0 | 11.00 | 82.00 | 93.00 | NOTE | |
r-oldrel-macos-x86_64 | 0.5.0 | 14.00 | 91.00 | 105.00 | NOTE | |
r-oldrel-windows-x86_64 | 0.5.0 | 28.00 | 200.00 | 228.00 | NOTE |
Version: 0.5.0
Check: Rd files
Result: NOTE
checkRd: (-1) f0.ackley.Rd:18: Lost braces; missing escapes or markup?
18 | xi = 0, forall i E {1...N}, f(x) = 0.
| ^
checkRd: (-1) f0.ackley4.Rd:24: Lost braces; missing escapes or markup?
24 | xi = 0, forall i E {1...N}, f(x) = 0.
| ^
checkRd: (-1) f0.bohachevsky.Rd:18: Lost braces; missing escapes or markup?
18 | xi = 0, forall i E {1...N}, f(x) = 0.
| ^
checkRd: (-1) f0.bohachevsky4.Rd:24: Lost braces; missing escapes or markup?
24 | xi = 0, forall i E {1...N}, f(x) = 0.
| ^
checkRd: (-1) f0.cigar.Rd:18: Lost braces; missing escapes or markup?
18 | xi = 0, forall i E {1...N}, f(x) = 0.
| ^
checkRd: (-1) f0.cigar4.Rd:24: Lost braces; missing escapes or markup?
24 | xi = 0, forall i E {1...N}, f(x) = 0.
| ^
checkRd: (-1) f0.griewank.Rd:18: Lost braces; missing escapes or markup?
18 | xi = 0, forall i E {1...N}, f(x) = 0.
| ^
checkRd: (-1) f0.griewank4.Rd:24: Lost braces; missing escapes or markup?
24 | xi = 0, forall i E {1...N}, f(x) = 0.
| ^
checkRd: (-1) f0.rosenbrock4.Rd:24: Lost braces; missing escapes or markup?
24 | xi = 1, forall i E {1...N}, f(x) = 0.
| ^
checkRd: (-1) f0.rosenbrockn.Rd:18: Lost braces; missing escapes or markup?
18 | xi = 1, forall i E {1...N}, f(x) = 0.
| ^
checkRd: (-1) f0.schaffer.Rd:18: Lost braces; missing escapes or markup?
18 | xi = 0, forall i E {1...N}, f(x) = 0.
| ^
checkRd: (-1) f0.schaffer4.Rd:24: Lost braces; missing escapes or markup?
24 | xi = 0, forall i E {1...N}, f(x) = 0.
| ^
checkRd: (-1) f0.schwefel.Rd:18: Lost braces; missing escapes or markup?
18 | xi = 420.96874636, forall i E {1...N}, f(x) = 0. The range of xi is [-500,500]
| ^
checkRd: (-1) f0.schwefel4.Rd:24: Lost braces; missing escapes or markup?
24 | xi = 420.96874636, forall i E {1...N}, f(x) = 0. The range of xi is [-500,500]
| ^
checkRd: (-1) f1.ackley.Rd:18: Lost braces; missing escapes or markup?
18 | xi = 0, forall i E {1...N}, f(x) = 0.
| ^
checkRd: (-1) f1.bohachevsky.Rd:18: Lost braces; missing escapes or markup?
18 | xi = 0, forall i E {1...N}, f(x) = 0.
| ^
checkRd: (-1) f1.cigar.Rd:18: Lost braces; missing escapes or markup?
18 | xi = 0, forall i E {1...N}, f(x) = 0.
| ^
checkRd: (-1) f1.griewank.Rd:18: Lost braces; missing escapes or markup?
18 | xi = 0, forall i E {1...N}, f(x) = 0.
| ^
checkRd: (-1) f1.rosenbrockn.Rd:18: Lost braces; missing escapes or markup?
18 | xi = 1, forall i E {1...N}, f(x) = 0.
| ^
checkRd: (-1) f1.schaffer.Rd:18: Lost braces; missing escapes or markup?
18 | xi = 0, forall i E {1...N}, f(x) = 0.
| ^
checkRd: (-1) f1.schwefel.Rd:18: Lost braces; missing escapes or markup?
18 | xi = 420.96874636, forall i E {1...N}, f(x) = 0. The range of xi is [-500,500]
| ^
Flavors: r-devel-linux-x86_64-debian-clang, r-devel-linux-x86_64-debian-gcc, r-devel-linux-x86_64-fedora-clang, r-devel-linux-x86_64-fedora-gcc, r-devel-windows-x86_64, r-patched-linux-x86_64, r-release-linux-x86_64, r-release-macos-arm64, r-release-macos-x86_64, r-release-windows-x86_64, r-oldrel-macos-arm64, r-oldrel-macos-x86_64, r-oldrel-windows-x86_64
Version: 0.5.0
Check: HTML version of manual
Result: NOTE
Found the following HTML validation problems:
NLWrapper.Run.html:54:1 (NLWrapper.Run.Rd:14): Warning: missing </ul> before </div>
NLWrapper.SetRandomSeed.html:50:1 (NLWrapper.SetRandomSeed.Rd:12): Warning: missing </ul> before </div>
NLWrapper.Shutdown.html:46:1 (NLWrapper.Shutdown.Rd:10): Warning: missing </ul> before </div>
assert.html:51:1 (assert.Rd:12): Warning: missing </ul> before </div>
contourplothelper.html:75:1 (contourplothelper.Rd:25): Warning: missing </ul> before </div>
ees1.challenge.html:51:1 (ees1.challenge.Rd:12): Warning: missing </ul> before </div>
ees1.explore.html:55:1 (ees1.explore.Rd:14): Warning: missing </ul> before </div>
ees1.mating.html:53:1 (ees1.mating.Rd:13): Warning: missing </ul> before </div>
ees1.mating1.html:53:1 (ees1.mating1.Rd:13): Warning: missing </ul> before </div>
ees1.mutation.html:54:1 (ees1.mutation.Rd:14): Warning: missing </ul> before </div>
ees1.recombination.html:50:1 (ees1.recombination.Rd:12): Warning: missing </ul> before </div>
ees1.selection.html:55:1 (ees1.selection.Rd:14): Warning: missing </ul> before </div>
elog.debug.html:46:1 (elog.debug.Rd:10): Warning: missing </ul> before </div>
elog.error.html:46:1 (elog.error.Rd:10): Warning: missing </ul> before </div>
elog.info.html:46:1 (elog.info.Rd:10): Warning: missing </ul> before </div>
f0.adtn.rosenbrock2.html:50:1 (f0.adtn.rosenbrock2.Rd:12): Warning: missing </ul> before </div>
f0.nlnn.rosenbrock2.html:50:1 (f0.nlnn.rosenbrock2.Rd:12): Warning: missing </ul> before </div>
f0.rosenbrock2.html:50:1 (f0.rosenbrock2.Rd:12): Warning: missing </ul> before </div>
f0.test.html:58:1 (f0.test.Rd:16): Warning: missing </ul> before </div>
f1.adtn.rosenbrock2.html:46:1 (f1.adtn.rosenbrock2.Rd:10): Warning: missing </ul> before </div>
f1.nlnn.rosenbrock2.html:46:1 (f1.nlnn.rosenbrock2.Rd:10): Warning: missing </ul> before </div>
f1.rosenbrock2.html:46:1 (f1.rosenbrock2.Rd:10): Warning: missing </ul> before </div>
f1.test.html:46:1 (f1.test.Rd:10): Warning: missing </ul> before </div>
pso.neighborhood.K2.html:51:1 (pso.neighborhood.K2.Rd:12): Warning: missing </ul> before </div>
pso.neighborhood.K4.html:52:1 (pso.neighborhood.K4.Rd:12): Warning: missing </ul> before </div>
pso.neighborhood.KN.html:50:1 (pso.neighborhood.KN.Rd:12): Warning: missing </ul> before </div>
pso.printbest.html:58:1 (pso.printbest.Rd:16): Warning: missing </ul> before </div>
sortSolution.html:50:1 (sortSolution.Rd:12): Warning: missing </ul> before </div>
Flavors: r-devel-linux-x86_64-debian-clang, r-devel-linux-x86_64-debian-gcc
Version: 0.5.0
Check: LazyData
Result: NOTE
'LazyData' is specified without a 'data' directory
Flavors: r-oldrel-macos-arm64, r-oldrel-macos-x86_64, r-oldrel-windows-x86_64