Last updated on 2025-10-22 05:51:08 CEST.
Flavor | Version | Tinstall | Tcheck | Ttotal | Status | Flags |
---|---|---|---|---|---|---|
r-devel-linux-x86_64-debian-clang | 1.0-8 | 12.24 | 150.30 | 162.54 | NOTE | |
r-devel-linux-x86_64-debian-gcc | 1.0-8 | 8.46 | 100.47 | 108.93 | NOTE | |
r-devel-linux-x86_64-fedora-clang | 1.0-8 | 61.00 | 237.27 | 298.27 | OK | |
r-devel-linux-x86_64-fedora-gcc | 1.0-8 | 58.00 | 244.26 | 302.26 | OK | |
r-devel-windows-x86_64 | 1.0-8 | 17.00 | 163.00 | 180.00 | OK | |
r-patched-linux-x86_64 | 1.0-8 | 11.65 | 148.11 | 159.76 | OK | |
r-release-linux-x86_64 | 1.0-8 | 11.50 | 149.07 | 160.57 | OK | |
r-release-macos-arm64 | 1.0-8 | 7.00 | 97.00 | 104.00 | OK | |
r-release-macos-x86_64 | 1.0-8 | 15.00 | 253.00 | 268.00 | OK | |
r-release-windows-x86_64 | 1.0-8 | 17.00 | 166.00 | 183.00 | OK | |
r-oldrel-macos-arm64 | 1.0-8 | 6.00 | 80.00 | 86.00 | OK | |
r-oldrel-macos-x86_64 | 1.0-8 | 8.00 | 133.00 | 141.00 | OK | |
r-oldrel-windows-x86_64 | 1.0-8 | 19.00 | 213.00 | 232.00 | OK |
Version: 1.0-8
Check: CRAN incoming feasibility
Result: NOTE
Maintainer: ‘Thomas Grubinger <ThomasGrubinger@gmail.com>’
Package CITATION file contains call(s) to old-style personList() or
as.personList(). Please use c() on person objects instead.
Package CITATION file contains call(s) to old-style citEntry(). Please
use bibentry() instead.
Flavors: r-devel-linux-x86_64-debian-clang, r-devel-linux-x86_64-debian-gcc