CRAN Package Check Results for Package exifr

Last updated on 2025-07-20 11:50:01 CEST.

Flavor Version Tinstall Tcheck Ttotal Status Flags
r-devel-linux-x86_64-debian-clang 0.3.2 2.67 54.08 56.75 OK
r-devel-linux-x86_64-debian-gcc 0.3.2 2.09 41.01 43.10 OK
r-devel-linux-x86_64-fedora-clang 0.3.2 96.96 OK
r-devel-linux-x86_64-fedora-gcc 0.3.2 92.35 OK
r-devel-windows-x86_64 0.3.2 9.00 81.00 90.00 OK
r-patched-linux-x86_64 0.3.2 2.62 52.01 54.63 OK
r-release-linux-x86_64 0.3.2 2.33 51.57 53.90 OK
r-release-macos-arm64 0.3.2 47.00 OK
r-release-macos-x86_64 0.3.2 59.00 OK
r-release-windows-x86_64 0.3.2 9.00 78.00 87.00 OK
r-oldrel-macos-arm64 0.3.2 34.00 NOTE
r-oldrel-macos-x86_64 0.3.2 51.00 NOTE
r-oldrel-windows-x86_64 0.3.2 11.00 97.00 108.00 NOTE

Check Details

Version: 0.3.2
Check: installed package size
Result: NOTE installed size is 14.1Mb sub-directories of 1Mb or more: exiftool 14.0Mb Flavors: r-oldrel-macos-arm64, r-oldrel-macos-x86_64, r-oldrel-windows-x86_64

Version: 0.3.2
Check: LazyData
Result: NOTE 'LazyData' is specified without a 'data' directory Flavors: r-oldrel-macos-arm64, r-oldrel-macos-x86_64, r-oldrel-windows-x86_64