Last updated on 2025-10-22 05:51:08 CEST.
Flavor | Version | Tinstall | Tcheck | Ttotal | Status | Flags |
---|---|---|---|---|---|---|
r-devel-linux-x86_64-debian-clang | 0.3.10 | 11.31 | 89.58 | 100.89 | NOTE | |
r-devel-linux-x86_64-debian-gcc | 0.3.10 | 7.05 | 63.17 | 70.22 | NOTE | |
r-devel-linux-x86_64-fedora-clang | 0.3.10 | 39.00 | 122.60 | 161.60 | OK | |
r-devel-linux-x86_64-fedora-gcc | 0.3.10 | 22.00 | 136.00 | 158.00 | OK | |
r-devel-windows-x86_64 | 0.3.10 | 12.00 | 92.00 | 104.00 | OK | |
r-patched-linux-x86_64 | 0.3.10 | 10.74 | 82.96 | 93.70 | OK | |
r-release-linux-x86_64 | 0.3.10 | 9.79 | 82.01 | 91.80 | OK | |
r-release-macos-arm64 | 0.3.10 | 4.00 | 40.00 | 44.00 | OK | |
r-release-macos-x86_64 | 0.3.10 | 8.00 | 72.00 | 80.00 | NOTE | |
r-release-windows-x86_64 | 0.3.10 | 12.00 | 93.00 | 105.00 | OK | |
r-oldrel-macos-arm64 | 0.3.10 | 4.00 | 41.00 | 45.00 | OK | |
r-oldrel-macos-x86_64 | 0.3.10 | 6.00 | 60.00 | 66.00 | OK | |
r-oldrel-windows-x86_64 | 0.3.10 | 18.00 | 119.00 | 137.00 | OK |
Version: 0.3.10
Check: HTML version of manual
Result: NOTE
Found the following HTML validation problems:
CA_var_plot.html:123:1 (CA_var_plot.Rd:57): Warning: missing </ul> before </div>
MCA_biplot.html:123:1 (MCA_biplot.Rd:57): Warning: missing </ul> before </div>
MCA_ind_plot.html:113:1 (MCA_ind_plot.Rd:51): Warning: missing </ul> before </div>
MCA_var_plot.html:118:1 (MCA_var_plot.Rd:54): Warning: missing </ul> before </div>
PCA_ind_plot.html:113:1 (PCA_ind_plot.Rd:51): Warning: missing </ul> before </div>
PCA_var_plot.html:113:1 (PCA_var_plot.Rd:51): Warning: missing </ul> before </div>
ggind.html:90:1 (ggind.Rd:36): Warning: missing </ul> before </div>
Flavors: r-devel-linux-x86_64-debian-clang, r-devel-linux-x86_64-debian-gcc
Version: 0.3.10
Check: Rd cross-references
Result: NOTE
Packages unavailable to check Rd xrefs: ‘FactoMineR’, ‘GDAtools’
Unknown package ‘quanteda.textmodels’ in Rd xrefs
Flavor: r-release-macos-x86_64