CRAN Package Check Results for Package eyeRead

Last updated on 2025-07-21 08:50:02 CEST.

Flavor Version Tinstall Tcheck Ttotal Status Flags
r-devel-linux-x86_64-debian-clang 0.0.4 5.45 43.78 49.23 NOTE
r-devel-linux-x86_64-debian-gcc 0.0.4 3.44 33.18 36.62 NOTE
r-devel-linux-x86_64-fedora-clang 0.0.4 76.39 NOTE
r-devel-linux-x86_64-fedora-gcc 0.0.4 73.83 NOTE
r-devel-windows-x86_64 0.0.4 6.00 65.00 71.00 NOTE
r-patched-linux-x86_64 0.0.4 5.07 40.70 45.77 NOTE
r-release-linux-x86_64 0.0.4 4.99 40.83 45.82 NOTE
r-release-macos-arm64 0.0.4 24.00 NOTE
r-release-macos-x86_64 0.0.4 44.00 NOTE
r-release-windows-x86_64 0.0.4 7.00 65.00 72.00 NOTE
r-oldrel-macos-arm64 0.0.4 27.00 NOTE
r-oldrel-macos-x86_64 0.0.4 45.00 NOTE
r-oldrel-windows-x86_64 0.0.4 7.00 74.00 81.00 NOTE

Check Details

Version: 0.0.4
Check: Rd files
Result: NOTE checkRd: (-1) codePasses.Rd:64: Escaped LaTeX specials: \# Flavors: r-devel-linux-x86_64-debian-clang, r-devel-linux-x86_64-debian-gcc, r-devel-linux-x86_64-fedora-clang, r-devel-linux-x86_64-fedora-gcc, r-devel-windows-x86_64, r-patched-linux-x86_64, r-release-linux-x86_64, r-release-macos-arm64, r-release-macos-x86_64, r-release-windows-x86_64, r-oldrel-macos-arm64, r-oldrel-macos-x86_64, r-oldrel-windows-x86_64