CRAN Package Check Results for Package ezr

Last updated on 2025-10-22 05:51:08 CEST.

Flavor Version Tinstall Tcheck Ttotal Status Flags
r-devel-linux-x86_64-debian-clang 0.1.5 8.06 70.96 79.02 NOTE
r-devel-linux-x86_64-debian-gcc 0.1.5 5.73 50.02 55.75 NOTE
r-devel-linux-x86_64-fedora-clang 0.1.5 26.00 97.02 123.02 OK
r-devel-linux-x86_64-fedora-gcc 0.1.5 17.00 91.74 108.74 OK
r-devel-windows-x86_64 0.1.5 10.00 76.00 86.00 OK
r-patched-linux-x86_64 0.1.5 7.91 63.26 71.17 OK
r-release-linux-x86_64 0.1.5 6.10 63.48 69.58 OK
r-release-macos-arm64 0.1.5 2.00 24.00 26.00 OK
r-release-macos-x86_64 0.1.5 6.00 44.00 50.00 OK
r-release-windows-x86_64 0.1.5 9.00 76.00 85.00 OK
r-oldrel-macos-arm64 0.1.5 3.00 27.00 30.00 NOTE
r-oldrel-macos-x86_64 0.1.5 5.00 37.00 42.00 NOTE
r-oldrel-windows-x86_64 0.1.5 14.00 100.00 114.00 NOTE

Check Details

Version: 0.1.5
Check: CRAN incoming feasibility
Result: NOTE Maintainer: ‘Jin Kim <jin.m.kim@yale.edu>’ Package CITATION file contains call(s) to old-style citEntry(). Please use bibentry() instead. Flavors: r-devel-linux-x86_64-debian-clang, r-devel-linux-x86_64-debian-gcc

Version: 0.1.5
Check: LazyData
Result: NOTE 'LazyData' is specified without a 'data' directory Flavors: r-oldrel-macos-arm64, r-oldrel-macos-x86_64, r-oldrel-windows-x86_64