Last updated on 2025-07-22 08:48:31 CEST.
Flavor | Version | Tinstall | Tcheck | Ttotal | Status | Flags |
---|---|---|---|---|---|---|
r-devel-linux-x86_64-debian-clang | 1.4.2 | 32.08 | 141.64 | 173.72 | OK | |
r-devel-linux-x86_64-debian-gcc | 1.4.2 | 21.32 | 99.12 | 120.44 | OK | |
r-devel-linux-x86_64-fedora-clang | 1.4.2 | 287.09 | OK | |||
r-devel-linux-x86_64-fedora-gcc | 1.4.2 | 288.21 | OK | |||
r-devel-windows-x86_64 | 1.4.2 | 38.00 | 176.00 | 214.00 | OK | |
r-patched-linux-x86_64 | 1.4.2 | 28.97 | 134.74 | 163.71 | OK | |
r-release-linux-x86_64 | 1.4.2 | 28.66 | 134.92 | 163.58 | OK | |
r-release-macos-arm64 | 1.4.2 | 84.00 | OK | |||
r-release-macos-x86_64 | 1.4.2 | 136.00 | OK | |||
r-release-windows-x86_64 | 1.4.2 | 38.00 | 178.00 | 216.00 | OK | |
r-oldrel-macos-arm64 | 1.4.2 | 140.00 | NOTE | |||
r-oldrel-macos-x86_64 | 1.4.2 | 129.00 | NOTE | |||
r-oldrel-windows-x86_64 | 1.4.2 | 48.00 | 221.00 | 269.00 | NOTE |
Version: 1.4.2
Check: installed package size
Result: NOTE
installed size is 6.1Mb
sub-directories of 1Mb or more:
data 2.1Mb
doc 1.1Mb
libs 1.2Mb
Flavors: r-oldrel-macos-arm64, r-oldrel-macos-x86_64, r-oldrel-windows-x86_64