Last updated on 2025-10-22 05:51:09 CEST.
Flavor | Version | Tinstall | Tcheck | Ttotal | Status | Flags |
---|---|---|---|---|---|---|
r-devel-linux-x86_64-debian-clang | 0.14.5 | 15.21 | 165.94 | 181.15 | NOTE | |
r-devel-linux-x86_64-debian-gcc | 0.14.5 | 10.76 | 121.50 | 132.26 | NOTE | |
r-devel-linux-x86_64-fedora-clang | 0.14.5 | 44.00 | 245.77 | 289.77 | OK | |
r-devel-linux-x86_64-fedora-gcc | 0.14.5 | 30.00 | 239.70 | 269.70 | OK | |
r-devel-windows-x86_64 | 0.14.5 | 16.00 | 163.00 | 179.00 | OK | |
r-patched-linux-x86_64 | 0.14.5 | 15.34 | 161.20 | 176.54 | OK | |
r-release-linux-x86_64 | 0.14.5 | 13.43 | 160.66 | 174.09 | OK | |
r-release-macos-arm64 | 0.14.5 | 7.00 | 110.00 | 117.00 | OK | |
r-release-macos-x86_64 | 0.14.5 | 18.00 | 139.00 | 157.00 | OK | |
r-release-windows-x86_64 | 0.14.5 | 15.00 | 162.00 | 177.00 | OK | |
r-oldrel-macos-arm64 | 0.14.5 | 5.00 | 61.00 | 66.00 | OK | |
r-oldrel-macos-x86_64 | 0.14.5 | 12.00 | 101.00 | 113.00 | OK | |
r-oldrel-windows-x86_64 | 0.14.5 | 22.00 | 209.00 | 231.00 | OK |
Version: 0.14.5
Check: HTML version of manual
Result: NOTE
Found the following HTML validation problems:
data_CompCor_Params.html:99:1 (data_CompCor_Params.Rd:62): Warning: missing </ul> before </div>
noise_Params.html:60:1 (noise_Params.Rd:25): Warning: missing </ul> before </div>
pscrub_Params.html:148:1 (pscrub_Params.Rd:93): Warning: missing </ul> before </div>
Flavors: r-devel-linux-x86_64-debian-clang, r-devel-linux-x86_64-debian-gcc