CRAN Package Check Results for Package facmodCS

Last updated on 2025-07-21 08:50:02 CEST.

Flavor Version Tinstall Tcheck Ttotal Status Flags
r-devel-linux-x86_64-debian-clang 1.0 15.81 59.26 75.07 NOTE
r-devel-linux-x86_64-debian-gcc 1.0 7.84 42.59 50.43 NOTE
r-devel-linux-x86_64-fedora-clang 1.0 122.47 NOTE
r-devel-linux-x86_64-fedora-gcc 1.0 114.21 NOTE
r-devel-windows-x86_64 1.0 15.00 73.00 88.00 NOTE
r-patched-linux-x86_64 1.0 15.80 55.37 71.17 NOTE
r-release-linux-x86_64 1.0 14.42 54.80 69.22 NOTE
r-release-macos-arm64 1.0 39.00 NOTE
r-release-macos-x86_64 1.0 71.00 NOTE
r-release-windows-x86_64 1.0 16.00 74.00 90.00 NOTE
r-oldrel-macos-arm64 1.0 33.00 NOTE
r-oldrel-macos-x86_64 1.0 48.00 NOTE
r-oldrel-windows-x86_64 1.0 21.00 90.00 111.00 NOTE

Check Details

Version: 1.0
Check: Rd files
Result: NOTE checkRd: (-1) fmCov.Rd:37: Lost braces; missing escapes or markup? 37 | where, \code{alpha(i)} is the intercept, \code{f(t)} is a {K x 1} vector of | ^ checkRd: (-1) plot.ffm.Rd:82: Lost braces; missing escapes or markup? 82 | \item{las}{one of {0, 1, 2, 3} to set the direction of axis labels, same as | ^ checkRd: (-1) summary.ffm.Rd:39: Lost braces; missing escapes or markup? 39 | Returned object is of class {summary.ffm}. | ^ Flavors: r-devel-linux-x86_64-debian-clang, r-devel-linux-x86_64-debian-gcc, r-devel-linux-x86_64-fedora-clang, r-devel-linux-x86_64-fedora-gcc, r-devel-windows-x86_64, r-patched-linux-x86_64, r-release-linux-x86_64, r-release-macos-arm64, r-release-macos-x86_64, r-release-windows-x86_64, r-oldrel-macos-arm64, r-oldrel-macos-x86_64, r-oldrel-windows-x86_64