Last updated on 2025-10-24 04:50:52 CEST.
| Flavor | Version | Tinstall | Tcheck | Ttotal | Status | Flags |
|---|---|---|---|---|---|---|
| r-devel-linux-x86_64-debian-clang | 0.1.0 | 2.47 | 32.30 | 34.77 | NOTE | |
| r-devel-linux-x86_64-debian-gcc | 0.1.0 | 1.81 | 26.74 | 28.55 | OK | |
| r-devel-linux-x86_64-fedora-clang | 0.1.0 | 53.09 | OK | |||
| r-devel-linux-x86_64-fedora-gcc | 0.1.0 | 63.32 | OK | |||
| r-devel-windows-x86_64 | 0.1.0 | 4.00 | 48.00 | 52.00 | OK | |
| r-patched-linux-x86_64 | 0.1.0 | 2.28 | 29.34 | 31.62 | OK | |
| r-release-linux-x86_64 | 0.1.0 | 2.42 | 29.66 | 32.08 | OK | |
| r-release-macos-arm64 | 0.1.0 | 2.00 | 30.00 | 32.00 | OK | |
| r-release-macos-x86_64 | 0.1.0 | 2.00 | 49.00 | 51.00 | OK | |
| r-release-windows-x86_64 | 0.1.0 | 4.00 | 50.00 | 54.00 | OK | |
| r-oldrel-macos-arm64 | 0.1.0 | 1.00 | 24.00 | 25.00 | NOTE | |
| r-oldrel-macos-x86_64 | 0.1.0 | 2.00 | 34.00 | 36.00 | NOTE | |
| r-oldrel-windows-x86_64 | 0.1.0 | 5.00 | 59.00 | 64.00 | NOTE |
Version: 0.1.0
Check: HTML version of manual
Result: NOTE
Found the following HTML validation problems:
digested_is.html:46:1 (digested_is.Rd:10): Warning: missing </ul> before </div>
Flavor: r-devel-linux-x86_64-debian-clang
Version: 0.1.0
Check: LazyData
Result: NOTE
'LazyData' is specified without a 'data' directory
Flavors: r-oldrel-macos-arm64, r-oldrel-macos-x86_64, r-oldrel-windows-x86_64