CRAN Package Check Results for Package fastRhockey

Last updated on 2025-10-22 05:51:08 CEST.

Flavor Version Tinstall Tcheck Ttotal Status Flags
r-devel-linux-x86_64-debian-clang 0.4.0 10.32 74.53 84.85 NOTE
r-devel-linux-x86_64-debian-gcc 0.4.0 6.94 51.47 58.41 NOTE
r-devel-linux-x86_64-fedora-clang 0.4.0 76.00 53.44 129.44 NOTE
r-devel-linux-x86_64-fedora-gcc 0.4.0 19.00 97.21 116.21 NOTE
r-devel-windows-x86_64 0.4.0 11.00 86.00 97.00 NOTE
r-patched-linux-x86_64 0.4.0 9.99 65.85 75.84 NOTE
r-release-linux-x86_64 0.4.0 7.40 66.72 74.12 NOTE
r-release-macos-arm64 0.4.0 4.00 33.00 37.00 NOTE
r-release-macos-x86_64 0.4.0 10.00 66.00 76.00 NOTE
r-release-windows-x86_64 0.4.0 12.00 88.00 100.00 NOTE
r-oldrel-macos-arm64 0.4.0 2.00 25.00 27.00 NOTE
r-oldrel-macos-x86_64 0.4.0 5.00 40.00 45.00 NOTE
r-oldrel-windows-x86_64 0.4.0 15.00 113.00 128.00 NOTE

Check Details

Version: 0.4.0
Check: Rd files
Result: NOTE checkRd: (-1) update_nhl_db.Rd:51-53: Lost braces in \itemize; meant \describe ? checkRd: (-1) update_nhl_db.Rd:54-57: Lost braces in \itemize; meant \describe ? checkRd: (-1) update_phf_db.Rd:51-53: Lost braces in \itemize; meant \describe ? checkRd: (-1) update_phf_db.Rd:54-57: Lost braces in \itemize; meant \describe ? Flavors: r-devel-linux-x86_64-debian-clang, r-devel-linux-x86_64-debian-gcc, r-devel-linux-x86_64-fedora-clang, r-devel-linux-x86_64-fedora-gcc, r-devel-windows-x86_64, r-patched-linux-x86_64, r-release-linux-x86_64, r-release-macos-arm64, r-release-macos-x86_64, r-release-windows-x86_64, r-oldrel-macos-arm64, r-oldrel-macos-x86_64, r-oldrel-windows-x86_64