Last updated on 2025-07-21 08:50:02 CEST.
Flavor | Version | Tinstall | Tcheck | Ttotal | Status | Flags |
---|---|---|---|---|---|---|
r-devel-linux-x86_64-debian-clang | 2.1.0 | 72.43 | 31.76 | 104.19 | OK | |
r-devel-linux-x86_64-debian-gcc | 2.1.0 | 52.94 | 25.85 | 78.79 | OK | |
r-devel-linux-x86_64-fedora-clang | 2.1.0 | 209.37 | OK | |||
r-devel-linux-x86_64-fedora-gcc | 2.1.0 | 206.88 | OK | |||
r-devel-windows-x86_64 | 2.1.0 | 80.00 | 76.00 | 156.00 | OK | |
r-patched-linux-x86_64 | 2.1.0 | 74.51 | 30.20 | 104.71 | OK | |
r-release-linux-x86_64 | 2.1.0 | 74.22 | 30.36 | 104.58 | OK | |
r-release-macos-arm64 | 2.1.0 | 50.00 | OK | |||
r-release-macos-x86_64 | 2.1.0 | 77.00 | OK | |||
r-release-windows-x86_64 | 2.1.0 | 83.00 | 78.00 | 161.00 | OK | |
r-oldrel-macos-arm64 | 2.1.0 | 54.00 | NOTE | |||
r-oldrel-macos-x86_64 | 2.1.0 | 80.00 | NOTE | |||
r-oldrel-windows-x86_64 | 2.1.0 | 91.00 | 90.00 | 181.00 | OK |
Version: 2.1.0
Check: installed package size
Result: NOTE
installed size is 7.6Mb
sub-directories of 1Mb or more:
doc 1.8Mb
libs 5.7Mb
Flavors: r-oldrel-macos-arm64, r-oldrel-macos-x86_64