Last updated on 2025-10-22 05:51:09 CEST.
Flavor | Version | Tinstall | Tcheck | Ttotal | Status | Flags |
---|---|---|---|---|---|---|
r-devel-linux-x86_64-debian-clang | 1.0.5 | 15.54 | 116.62 | 132.16 | NOTE | |
r-devel-linux-x86_64-debian-gcc | 1.0.5 | 10.47 | 82.35 | 92.82 | NOTE | |
r-devel-linux-x86_64-fedora-clang | 1.0.5 | 37.00 | 176.24 | 213.24 | OK | |
r-devel-linux-x86_64-fedora-gcc | 1.0.5 | 29.00 | 178.72 | 207.72 | OK | |
r-devel-windows-x86_64 | 1.0.5 | 16.00 | 117.00 | 133.00 | OK | |
r-patched-linux-x86_64 | 1.0.5 | 12.93 | 109.25 | 122.18 | OK | |
r-release-linux-x86_64 | 1.0.5 | 12.55 | 109.92 | 122.47 | OK | |
r-release-macos-arm64 | 1.0.5 | 6.00 | 53.00 | 59.00 | OK | |
r-release-macos-x86_64 | 1.0.5 | 11.00 | 108.00 | 119.00 | OK | |
r-release-windows-x86_64 | 1.0.5 | 18.00 | 120.00 | 138.00 | OK | |
r-oldrel-macos-arm64 | 1.0.5 | 5.00 | 50.00 | 55.00 | OK | |
r-oldrel-macos-x86_64 | 1.0.5 | 9.00 | 81.00 | 90.00 | OK | |
r-oldrel-windows-x86_64 | 1.0.5 | 20.00 | 150.00 | 170.00 | OK |
Version: 1.0.5
Check: HTML version of manual
Result: NOTE
Found the following HTML validation problems:
run_app.html:46:1 (run_app.Rd:10): Warning: missing </ul> before </div>
Flavors: r-devel-linux-x86_64-debian-clang, r-devel-linux-x86_64-debian-gcc