Last updated on 2025-10-24 04:50:52 CEST.
| Flavor | Version | Tinstall | Tcheck | Ttotal | Status | Flags |
|---|---|---|---|---|---|---|
| r-devel-linux-x86_64-debian-clang | 0.1.5 | 6.50 | 54.13 | 60.63 | OK | |
| r-devel-linux-x86_64-debian-gcc | 0.1.5 | 4.58 | 40.22 | 44.80 | NOTE | |
| r-devel-linux-x86_64-fedora-clang | 0.1.5 | 31.00 | 59.70 | 90.70 | NOTE | |
| r-devel-linux-x86_64-fedora-gcc | 0.1.5 | 33.00 | 72.24 | 105.24 | NOTE | |
| r-devel-windows-x86_64 | 0.1.5 | 9.00 | 74.00 | 83.00 | OK | |
| r-patched-linux-x86_64 | 0.1.5 | 4.62 | 49.48 | 54.10 | OK | |
| r-release-linux-x86_64 | 0.1.5 | 5.94 | 49.33 | 55.27 | OK | |
| r-release-macos-arm64 | 0.1.5 | 3.00 | 32.00 | 35.00 | OK | |
| r-release-macos-x86_64 | 0.1.5 | 4.00 | 227.00 | 231.00 | OK | |
| r-release-windows-x86_64 | 0.1.5 | 9.00 | 84.00 | 93.00 | OK | |
| r-oldrel-macos-arm64 | 0.1.5 | 4.00 | 39.00 | 43.00 | OK | |
| r-oldrel-macos-x86_64 | 0.1.5 | 7.00 | 77.00 | 84.00 | OK | |
| r-oldrel-windows-x86_64 | 0.1.5 | 12.00 | 90.00 | 102.00 | OK |
Version: 0.1.5
Check: Rd files
Result: NOTE
checkRd: (-1) fec16.Rd:13: height/width attributes should be in pixels
Flavors: r-devel-linux-x86_64-debian-gcc, r-devel-linux-x86_64-fedora-clang, r-devel-linux-x86_64-fedora-gcc