CRAN Package Check Results for Package fence

Last updated on 2025-10-22 05:51:09 CEST.

Flavor Version Tinstall Tcheck Ttotal Status Flags
r-devel-linux-x86_64-debian-clang 1.0 14.82 113.97 128.79 NOTE
r-devel-linux-x86_64-debian-gcc 1.0 10.19 82.72 92.91 NOTE
r-devel-linux-x86_64-fedora-clang 1.0 37.00 168.86 205.86 OK
r-devel-linux-x86_64-fedora-gcc 1.0 26.00 158.88 184.88 OK
r-devel-windows-x86_64 1.0 16.00 110.00 126.00 OK
r-patched-linux-x86_64 1.0 12.81 107.03 119.84 OK
r-release-linux-x86_64 1.0 12.84 106.54 119.38 OK
r-release-macos-arm64 1.0 7.00 45.00 52.00 OK
r-release-macos-x86_64 1.0 14.00 78.00 92.00 OK
r-release-windows-x86_64 1.0 16.00 111.00 127.00 OK
r-oldrel-macos-arm64 1.0 6.00 38.00 44.00 OK
r-oldrel-macos-x86_64 1.0 9.00 61.00 70.00 OK
r-oldrel-windows-x86_64 1.0 22.00 141.00 163.00 OK

Check Details

Version: 1.0
Check: CRAN incoming feasibility
Result: NOTE Maintainer: ‘Thuan Nguyen <nguythua@ohsu.edu>’ No Authors@R field in DESCRIPTION. Please add one, modifying Authors@R: c(person(given = "Jiming", family = "Jiang", role = "aut"), person(given = "Jianyang", family = "Zhao", role = "aut"), person(given = c("J.", "Sunil"), family = "Rao", role = "aut"), person(given = "Thuan", family = "Nguyen", role = c("aut", "cre"), email = "nguythua@ohsu.edu")) as necessary. Flavors: r-devel-linux-x86_64-debian-clang, r-devel-linux-x86_64-debian-gcc

Version: 1.0
Check: HTML version of manual
Result: NOTE Found the following HTML validation problems: plot.AF.html:51:1 (plot.AF.Rd:12): Warning: missing </ul> before </div> plot.NF.html:51:1 (plot.NF.Rd:12): Warning: missing </ul> before </div> summary.AF.html:51:1 (summary.AF.Rd:12): Warning: missing </ul> before </div> summary.NF.html:51:1 (summary.NF.Rd:12): Warning: missing </ul> before </div> Flavors: r-devel-linux-x86_64-debian-clang, r-devel-linux-x86_64-debian-gcc