Last updated on 2025-10-22 05:51:09 CEST.
Flavor | Version | Tinstall | Tcheck | Ttotal | Status | Flags |
---|---|---|---|---|---|---|
r-devel-linux-x86_64-debian-clang | 1.4.8 | 9.26 | 110.42 | 119.68 | NOTE | |
r-devel-linux-x86_64-debian-gcc | 1.4.8 | 4.86 | 80.65 | 85.51 | NOTE | |
r-devel-linux-x86_64-fedora-clang | 1.4.8 | 37.00 | 148.92 | 185.92 | OK | |
r-devel-linux-x86_64-fedora-gcc | 1.4.8 | 20.00 | 170.84 | 190.84 | OK | |
r-devel-windows-x86_64 | 1.4.8 | 10.00 | 151.00 | 161.00 | OK | |
r-patched-linux-x86_64 | 1.4.8 | 8.45 | 103.16 | 111.61 | OK | |
r-release-linux-x86_64 | 1.4.8 | 6.44 | 102.61 | 109.05 | OK | |
r-release-macos-arm64 | 1.4.8 | 4.00 | 85.00 | 89.00 | OK | |
r-release-macos-x86_64 | 1.4.8 | 8.00 | 140.00 | 148.00 | OK | |
r-release-windows-x86_64 | 1.4.8 | 12.00 | 152.00 | 164.00 | OK | |
r-oldrel-macos-arm64 | 1.4.8 | 3.00 | 85.00 | 88.00 | OK | |
r-oldrel-macos-x86_64 | 1.4.8 | 6.00 | 134.00 | 140.00 | OK | |
r-oldrel-windows-x86_64 | 1.4.8 | 13.00 | 180.00 | 193.00 | OK |
Version: 1.4.8
Check: HTML version of manual
Result: NOTE
Found the following HTML validation problems:
dot-add_allplay.html:50:1 (dot-add_allplay.Rd:12): Warning: missing </ul> before </div>
dot-fn_set_ratelimit.html:55:1 (dot-fn_set_ratelimit.Rd:14): Warning: missing </ul> before </div>
dot-retry_get.html:46:1 (dot-retry_get.Rd:10): Warning: missing </ul> before </div>
dot-retry_post.html:46:1 (dot-retry_post.Rd:10): Warning: missing </ul> before </div>
Flavors: r-devel-linux-x86_64-debian-clang, r-devel-linux-x86_64-debian-gcc