Last updated on 2025-10-22 05:51:09 CEST.
Flavor | Version | Tinstall | Tcheck | Ttotal | Status | Flags |
---|---|---|---|---|---|---|
r-devel-linux-x86_64-debian-clang | 1.1.11 | 7.86 | 111.38 | 119.24 | NOTE | |
r-devel-linux-x86_64-debian-gcc | 1.1.11 | 5.20 | 74.02 | 79.22 | NOTE | |
r-devel-linux-x86_64-fedora-clang | 1.1.11 | 18.00 | 172.58 | 190.58 | OK | |
r-devel-linux-x86_64-fedora-gcc | 1.1.11 | 14.00 | 159.84 | 173.84 | OK | |
r-devel-windows-x86_64 | 1.1.11 | 8.00 | 111.00 | 119.00 | OK | |
r-patched-linux-x86_64 | 1.1.11 | 7.62 | 103.70 | 111.32 | OK | |
r-release-linux-x86_64 | 1.1.11 | 5.25 | 104.34 | 109.59 | OK | |
r-release-macos-arm64 | 1.1.11 | 3.00 | 39.00 | 42.00 | OK | |
r-release-macos-x86_64 | 1.1.11 | 5.00 | 74.00 | 79.00 | OK | |
r-release-windows-x86_64 | 1.1.11 | 12.00 | 113.00 | 125.00 | OK | |
r-oldrel-macos-arm64 | 1.1.11 | 3.00 | 39.00 | 42.00 | OK | |
r-oldrel-macos-x86_64 | 1.1.11 | 4.00 | 53.00 | 57.00 | OK | |
r-oldrel-windows-x86_64 | 1.1.11 | 12.00 | 140.00 | 152.00 | OK |
Version: 1.1.11
Check: HTML version of manual
Result: NOTE
Found the following HTML validation problems:
headers.html:40:1 (headers.Rd:7): Warning: missing </ul> before </div>
Flavors: r-devel-linux-x86_64-debian-clang, r-devel-linux-x86_64-debian-gcc