CRAN Package Check Results for Package fields

Last updated on 2025-10-22 05:51:09 CEST.

Flavor Version Tinstall Tcheck Ttotal Status Flags
r-devel-linux-x86_64-debian-clang 17.1 21.23 421.02 442.25 NOTE
r-devel-linux-x86_64-debian-gcc 17.1 12.73 276.37 289.10 NOTE
r-devel-linux-x86_64-fedora-clang 17.1 46.00 663.99 709.99 OK
r-devel-linux-x86_64-fedora-gcc 17.1 41.00 650.24 691.24 OK
r-devel-windows-x86_64 17.1 25.00 441.00 466.00 OK
r-patched-linux-x86_64 17.1 22.44 416.62 439.06 OK
r-release-linux-x86_64 17.1 18.08 402.43 420.51 OK
r-release-macos-arm64 17.1 11.00 177.00 188.00 OK
r-release-macos-x86_64 17.1 20.00 403.00 423.00 OK
r-release-windows-x86_64 17.1 26.00 443.00 469.00 OK
r-oldrel-macos-arm64 17.1 11.00 178.00 189.00 WARN
r-oldrel-macos-x86_64 17.1 20.00 396.00 416.00 WARN
r-oldrel-windows-x86_64 17.1 32.00 600.00 632.00 WARN

Check Details

Version: 17.1
Check: HTML version of manual
Result: NOTE Found the following HTML validation problems: flame.html:59:1 (flame.Rd:47): Warning: missing </ul> before </div> minitri.html:68:1 (minitri.Rd:53): Warning: missing </ul> before </div> Flavors: r-devel-linux-x86_64-debian-clang, r-devel-linux-x86_64-debian-gcc

Version: 17.1
Check: Rd cross-references
Result: WARN Missing link or links in Rd file 'offGridWeights.Rd': ‘ predictSurface’ See section 'Cross-references' in the 'Writing R Extensions' manual. Flavors: r-oldrel-macos-arm64, r-oldrel-macos-x86_64, r-oldrel-windows-x86_64